{"version":"1.0","provider_name":"All cars news","provider_url":"https:\/\/all-car-news.com\/fr\/","title":"Porsche revoit enti\u00e8rement l'int\u00e9rieur du Cayenne - All cars news","type":"rich","width":600,"height":338,"html":"<blockquote class=\"wp-embedded-content\" data-secret=\"XE2p6mWNNX\"><a href=\"https:\/\/all-car-news.com\/fr\/porsche-revoit-entierement-linterieur-du-cayenne\/\">Porsche revoit enti\u00e8rement l&rsquo;int\u00e9rieur du Cayenne<\/a><\/blockquote><iframe sandbox=\"allow-scripts\" security=\"restricted\" src=\"https:\/\/all-car-news.com\/fr\/porsche-revoit-entierement-linterieur-du-cayenne\/embed\/#?secret=XE2p6mWNNX\" width=\"600\" height=\"338\" title=\"\u00ab\u00a0Porsche revoit enti\u00e8rement l&rsquo;int\u00e9rieur du Cayenne\u00a0\u00bb &#8212; All cars news\" data-secret=\"XE2p6mWNNX\" frameborder=\"0\" marginwidth=\"0\" marginheight=\"0\" scrolling=\"no\" class=\"wp-embedded-content\"><\/iframe><script type=\"text\/javascript\">\n\/* <![CDATA[ *\/\n\/*! This file is auto-generated *\/\n!function(d,l){\"use strict\";l.querySelector&&d.addEventListener&&\"undefined\"!=typeof URL&&(d.wp=d.wp||{},d.wp.receiveEmbedMessage||(d.wp.receiveEmbedMessage=function(e){var t=e.data;if((t||t.secret||t.message||t.value)&&!\/[^a-zA-Z0-9]\/.test(t.secret)){for(var s,r,n,a=l.querySelectorAll('iframe[data-secret=\"'+t.secret+'\"]'),o=l.querySelectorAll('blockquote[data-secret=\"'+t.secret+'\"]'),c=new RegExp(\"^https?:$\",\"i\"),i=0;i<o.length;i++)o[i].style.display=\"none\";for(i=0;i<a.length;i++)s=a[i],e.source===s.contentWindow&&(s.removeAttribute(\"style\"),\"height\"===t.message?(1e3<(r=parseInt(t.value,10))?r=1e3:~~r<200&&(r=200),s.height=r):\"link\"===t.message&&(r=new URL(s.getAttribute(\"src\")),n=new URL(t.value),c.test(n.protocol))&&n.host===r.host&&l.activeElement===s&&(d.top.location.href=t.value))}},d.addEventListener(\"message\",d.wp.receiveEmbedMessage,!1),l.addEventListener(\"DOMContentLoaded\",function(){for(var e,t,s=l.querySelectorAll(\"iframe.wp-embedded-content\"),r=0;r<s.length;r++)(t=(e=s[r]).getAttribute(\"data-secret\"))||(t=Math.random().toString(36).substring(2,12),e.src+=\"#?secret=\"+t,e.setAttribute(\"data-secret\",t)),e.contentWindow.postMessage({message:\"ready\",secret:t},\"*\")},!1)))}(window,document);\n\/\/# sourceURL=https:\/\/all-car-news.com\/wp-includes\/js\/wp-embed.min.js\n\/* ]]> *\/\n<\/script>\n","thumbnail_url":"https:\/\/autorai.nl\/wp-content\/uploads\/2023\/03\/porsche-cayenne-interieur-2023-porsche-driving-experience-foto1-1140x760.jpg","thumbnail_width":600,"thumbnail_height":400,"description":"Porsche Driver Experience Le nouveau Porsche Cayenne est la premi\u00e8re Porsche \u00e0 b\u00e9n\u00e9ficier de la nouvelle Porsche Driver Experience. Cette configuration se distingue par un affichage enti\u00e8rement num\u00e9rique. L'accent est mis sur le conducteur, les principales commandes \u00e9tant regroup\u00e9es autour du volant. Les \u00e9l\u00e9ments de la Taycan Le cockpit du Cayenne remani\u00e9 apporte pour la [...]"}

Porsche revoit entièrement l'intérieur du Cayenne - All cars news

<blockquote class="wp-embedded-content" data-secret="XE2p6mWNNX"><a href="https://all-car-news.com/fr/porsche-revoit-entierement-linterieur-du-cayenne/">Porsche revoit entièrement l&rsquo;intérieur du Cayenne</a></blockquote><iframe sandbox="allow-scripts" security="restricted" src="https://all-car-news.com/fr/porsche-revoit-entierement-linterieur-du-cayenne/embed/#?secret=XE2p6mWNNX" width="600" height="338" title="« Porsche revoit entièrement l&rsquo;intérieur du Cayenne » &#8212; All cars news" data-secret="XE2p6mWNNX" frameborder="0" marginwidth="0" marginheight="0" scrolling="no" class="wp-embedded-content"></iframe><script type="text/javascript">
/* <![CDATA[ */
/*! This file is auto-generated */
!function(d,l){"use strict";l.querySelector&&d.addEventListener&&"undefined"!=typeof URL&&(d.wp=d.wp||{},d.wp.receiveEmbedMessage||(d.wp.receiveEmbedMessage=function(e){var t=e.data;if((t||t.secret||t.message||t.value)&&!/[^a-zA-Z0-9]/.test(t.secret)){for(var s,r,n,a=l.querySelectorAll('iframe[data-secret="'+t.secret+'"]'),o=l.querySelectorAll('blockquote[data-secret="'+t.secret+'"]'),c=new RegExp("^https?:$","i"),i=0;i<o.length;i++)o[i].style.display="none";for(i=0;i<a.length;i++)s=a[i],e.source===s.contentWindow&&(s.removeAttribute("style"),"height"===t.message?(1e3<(r=parseInt(t.value,10))?r=1e3:~~r<200&&(r=200),s.height=r):"link"===t.message&&(r=new URL(s.getAttribute("src")),n=new URL(t.value),c.test(n.protocol))&&n.host===r.host&&l.activeElement===s&&(d.top.location.href=t.value))}},d.addEventListener("message",d.wp.receiveEmbedMessage,!1),l.addEventListener("DOMContentLoaded",function(){for(var e,t,s=l.querySelectorAll("iframe.wp-embedded-content"),r=0;r<s.length;r++)(t=(e=s[r]).getAttribute("data-secret"))||(t=Math.random().toString(36).substring(2,12),e.src+="#?secret="+t,e.setAttribute("data-secret",t)),e.contentWindow.postMessage({message:"ready",secret:t},"*")},!1)))}(window,document);
//# sourceURL=https://all-car-news.com/wp-includes/js/wp-embed.min.js
/* ]]> */
</script>

Porsche Driver Experience Le nouveau Porsche Cayenne est la première Porsche à bénéficier de la nouvelle Porsche Driver Experience. Cette configuration se distingue par un affichage entièrement numérique. L'accent est mis sur le conducteur, les principales commandes étant regroupées autour du volant. Les éléments de la Taycan Le cockpit du Cayenne remanié apporte pour la [...]
