{"version":"1.0","provider_name":"All cars news","provider_url":"https:\/\/all-car-news.com\/fr\/","title":"Les jeunes d\u00e9couvrent la moto - All cars news","type":"rich","width":600,"height":338,"html":"<blockquote class=\"wp-embedded-content\" data-secret=\"MD5jR3RUQp\"><a href=\"https:\/\/all-car-news.com\/fr\/les-jeunes-decouvrent-la-moto\/\">Les jeunes d\u00e9couvrent la moto<\/a><\/blockquote><iframe sandbox=\"allow-scripts\" security=\"restricted\" src=\"https:\/\/all-car-news.com\/fr\/les-jeunes-decouvrent-la-moto\/embed\/#?secret=MD5jR3RUQp\" width=\"600\" height=\"338\" title=\"\u00ab\u00a0Les jeunes d\u00e9couvrent la moto\u00a0\u00bb &#8212; All cars news\" data-secret=\"MD5jR3RUQp\" frameborder=\"0\" marginwidth=\"0\" marginheight=\"0\" scrolling=\"no\" class=\"wp-embedded-content\"><\/iframe><script type=\"text\/javascript\">\n\/* <![CDATA[ *\/\n\/*! This file is auto-generated *\/\n!function(d,l){\"use strict\";l.querySelector&&d.addEventListener&&\"undefined\"!=typeof URL&&(d.wp=d.wp||{},d.wp.receiveEmbedMessage||(d.wp.receiveEmbedMessage=function(e){var t=e.data;if((t||t.secret||t.message||t.value)&&!\/[^a-zA-Z0-9]\/.test(t.secret)){for(var s,r,n,a=l.querySelectorAll('iframe[data-secret=\"'+t.secret+'\"]'),o=l.querySelectorAll('blockquote[data-secret=\"'+t.secret+'\"]'),c=new RegExp(\"^https?:$\",\"i\"),i=0;i<o.length;i++)o[i].style.display=\"none\";for(i=0;i<a.length;i++)s=a[i],e.source===s.contentWindow&&(s.removeAttribute(\"style\"),\"height\"===t.message?(1e3<(r=parseInt(t.value,10))?r=1e3:~~r<200&&(r=200),s.height=r):\"link\"===t.message&&(r=new URL(s.getAttribute(\"src\")),n=new URL(t.value),c.test(n.protocol))&&n.host===r.host&&l.activeElement===s&&(d.top.location.href=t.value))}},d.addEventListener(\"message\",d.wp.receiveEmbedMessage,!1),l.addEventListener(\"DOMContentLoaded\",function(){for(var e,t,s=l.querySelectorAll(\"iframe.wp-embedded-content\"),r=0;r<s.length;r++)(t=(e=s[r]).getAttribute(\"data-secret\"))||(t=Math.random().toString(36).substring(2,12),e.src+=\"#?secret=\"+t,e.setAttribute(\"data-secret\",t)),e.contentWindow.postMessage({message:\"ready\",secret:t},\"*\")},!1)))}(window,document);\n\/\/# sourceURL=https:\/\/all-car-news.com\/wp-includes\/js\/wp-embed.min.js\n\/* ]]> *\/\n<\/script>\n","thumbnail_url":"https:\/\/motorrai.nl\/wp-content\/uploads\/2022\/11\/GSX-8S-6-1140x760.jpg","thumbnail_width":600,"thumbnail_height":400,"description":"L'augmentation des immatriculations est due \u00e0 la popularit\u00e9 croissante des motos. \"Nous constatons \u00e9galement que de plus en plus de jeunes obtiennent leur permis de conduire. La moto est un produit de mobilit\u00e9 id\u00e9al. Elle est compacte, flexible et largement accessible \u00e0 de nombreuses personnes\", a d\u00e9clar\u00e9 Martijn van Eikenhorst, chef de section Motocycles \u00e0 l'association RAI. Augmentation des ventes de motos de ligne RAI Association et BOVAG ont [...]"}

Les jeunes découvrent la moto - All cars news

<blockquote class="wp-embedded-content" data-secret="MD5jR3RUQp"><a href="https://all-car-news.com/fr/les-jeunes-decouvrent-la-moto/">Les jeunes découvrent la moto</a></blockquote><iframe sandbox="allow-scripts" security="restricted" src="https://all-car-news.com/fr/les-jeunes-decouvrent-la-moto/embed/#?secret=MD5jR3RUQp" width="600" height="338" title="« Les jeunes découvrent la moto » &#8212; All cars news" data-secret="MD5jR3RUQp" frameborder="0" marginwidth="0" marginheight="0" scrolling="no" class="wp-embedded-content"></iframe><script type="text/javascript">
/* <![CDATA[ */
/*! This file is auto-generated */
!function(d,l){"use strict";l.querySelector&&d.addEventListener&&"undefined"!=typeof URL&&(d.wp=d.wp||{},d.wp.receiveEmbedMessage||(d.wp.receiveEmbedMessage=function(e){var t=e.data;if((t||t.secret||t.message||t.value)&&!/[^a-zA-Z0-9]/.test(t.secret)){for(var s,r,n,a=l.querySelectorAll('iframe[data-secret="'+t.secret+'"]'),o=l.querySelectorAll('blockquote[data-secret="'+t.secret+'"]'),c=new RegExp("^https?:$","i"),i=0;i<o.length;i++)o[i].style.display="none";for(i=0;i<a.length;i++)s=a[i],e.source===s.contentWindow&&(s.removeAttribute("style"),"height"===t.message?(1e3<(r=parseInt(t.value,10))?r=1e3:~~r<200&&(r=200),s.height=r):"link"===t.message&&(r=new URL(s.getAttribute("src")),n=new URL(t.value),c.test(n.protocol))&&n.host===r.host&&l.activeElement===s&&(d.top.location.href=t.value))}},d.addEventListener("message",d.wp.receiveEmbedMessage,!1),l.addEventListener("DOMContentLoaded",function(){for(var e,t,s=l.querySelectorAll("iframe.wp-embedded-content"),r=0;r<s.length;r++)(t=(e=s[r]).getAttribute("data-secret"))||(t=Math.random().toString(36).substring(2,12),e.src+="#?secret="+t,e.setAttribute("data-secret",t)),e.contentWindow.postMessage({message:"ready",secret:t},"*")},!1)))}(window,document);
//# sourceURL=https://all-car-news.com/wp-includes/js/wp-embed.min.js
/* ]]> */
</script>

L'augmentation des immatriculations est due à la popularité croissante des motos. "Nous constatons également que de plus en plus de jeunes obtiennent leur permis de conduire. La moto est un produit de mobilité idéal. Elle est compacte, flexible et largement accessible à de nombreuses personnes", a déclaré Martijn van Eikenhorst, chef de section Motocycles à l'association RAI. Augmentation des ventes de motos de ligne RAI Association et BOVAG ont [...]
