{"id":118210,"date":"2022-03-09T09:06:51","date_gmt":"2022-03-09T09:06:51","guid":{"rendered":"https:\/\/all-car-news.com\/buscador-de-coches\/volkswagen\/kia-alma\/"},"modified":"2022-03-09T09:07:10","modified_gmt":"2022-03-09T09:07:10","slug":"kia-alma","status":"publish","type":"page","link":"https:\/\/all-car-news.com\/es\/buscador-de-coches\/volkswagen\/kia-alma\/","title":{"rendered":"kia alma"},"content":{"rendered":"\n<p>El Kia Soul es un modelo de la divisi\u00f3n americana de la marca. La historia del modelo es notable. El dise\u00f1ador Torpey pens\u00f3 en un nuevo tipo de autom\u00f3vil y se le ocurri\u00f3 la idea de un jabal\u00ed con mochila como resultado de un documental. El resultado fue un boceto caricaturesco de \u00e9l y la fuerza y el poder que irradiaba ese cerdo era la imagen que se supon\u00eda que evocaba el autom\u00f3vil. Naturalmente.<\/p>\n\n<p>El Kia Soul es un modelo de la divisi\u00f3n americana de la marca. La historia del modelo es notable. El dise\u00f1ador Torpey pens\u00f3 en un nuevo tipo de autom\u00f3vil y se le ocurri\u00f3 la idea de un jabal\u00ed con mochila como resultado de un documental. El resultado fue un boceto caricaturesco de \u00e9l y la fuerza y el poder que irradiaba ese cerdo era la imagen que se supon\u00eda que evocaba el autom\u00f3vil. Naturalmente.<\/p>\n\n<h2 class=\"wp-block-heading\"><strong>Solo ponte en marcha&#8230;<\/strong><br\/><\/h2>\n\n<p>El resultado fue el impactante Kia Soul de primera generaci\u00f3n, presentado en 2009. En respuesta a las cr\u00edticas, se realiz\u00f3 una actualizaci\u00f3n del interior y las cualidades de conducci\u00f3n del autom\u00f3vil despu\u00e9s de solo un a\u00f1o. Sin embargo, despu\u00e9s de este comienzo inestable, el Soul logr\u00f3 lograr buenas ventas, especialmente en el \u00abmercado interno\u00bb de Estados Unidos.<\/p>\n\n<h2 class=\"wp-block-heading\"><strong>Nuevo y el\u00e9ctrico<\/strong><br\/><\/h2>\n\n<p>La segunda generaci\u00f3n se lanz\u00f3 en 2013. Ese modelo dio un gran paso adelante tanto en calidad como en dise\u00f1o. Nuevo desde 2014 es una versi\u00f3n totalmente el\u00e9ctrica del Soul. Desde entonces, tambi\u00e9n ha sido el \u00fanico modelo del Soul que se entrega en los Pa\u00edses Bajos. A finales de 2018 se present\u00f3 la tercera generaci\u00f3n del Soul, que sali\u00f3 al mercado a finales de 2019. Sin comprometer la forma original caracter\u00edstica del autom\u00f3vil, un nuevo modelo est\u00e1 listo nuevamente. Por supuesto, tambi\u00e9n hay una variante completamente el\u00e9ctrica del nuevo. Su nombre cambia de Soul EV a e-Soul. Bajo el nombre e-Soul Cargo, tambi\u00e9n hay una versi\u00f3n de pedido para una matr\u00edcula gris.<\/p>\n\n<h2 class=\"wp-block-heading\">T\u00e9cnico<\/h2>\n\n<figure class=\"wp-block-table is-style-stripes\"><table class=\"has-fixed-layout\"><tbody><tr><td>Tipo de motor<\/td><td>el\u00e9ctrico<\/td><\/tr><tr><td>Bater\u00eda<\/td><td>iones de litio<\/td><\/tr><tr><td>Capacidad<\/td><td>64 kWh<\/td><\/tr><tr><td>Conducir<\/td><td>ruedas frontales<\/td><\/tr><tr><td>Frenos de\/a<\/td><td>dado discos\/discos<\/td><\/tr><tr><td>Radio de giro<\/td><td>10,6 metros<\/td><\/tr><tr><td>Rango<\/td><td>276 kilometros<\/td><\/tr><tr><td>Tiempo de carga a 220V<\/td><td>4:10 a.m.<\/td><\/tr><tr><td>Rango de poder<\/td><td>100 a 150 kilovatios<\/td><\/tr><\/tbody><\/table><\/figure>\n\n<h2 class=\"wp-block-heading\">Rendimiento<\/h2>\n\n<figure class=\"wp-block-table is-style-stripes\"><table class=\"has-fixed-layout\"><tbody><tr><td>Energ\u00eda del sistema<\/td><td>100 kW (136 CV)<\/td><\/tr><tr><td>Par de sistemas<\/td><td>395 nm<\/td><\/tr><tr><td>Cuenta 0-100 km\/h<\/td><td>9.9 seg<\/td><\/tr><tr><td>velocidad m\u00e1xima<\/td><td>157 km\/h<\/td><\/tr><\/tbody><\/table><\/figure>\n\n<h2 class=\"wp-block-heading\">General<\/h2>\n\n<figure class=\"wp-block-table is-style-stripes\"><table class=\"has-fixed-layout\"><tbody><tr><td>Transmisi\u00f3n<\/td><td>pi\u00f1\u00f3n fijo<\/td><\/tr><tr><td>Tipo de cuerpo<\/td><td>5 hab. hatchback<\/td><\/tr><tr><td>EuroNCAP<\/td><td>no probado<\/td><\/tr><tr><td>Lanzamiento al mercado<\/td><td>noviembre de 2019<\/td><\/tr><tr><td>\u00daltimo lavado de cara<\/td><td>N \/ A<\/td><\/tr><tr><td>Garant\u00eda<\/td><td>7 a\u00f1os<\/td><\/tr><tr><td>Desde precio<\/td><td>33.995 \u20ac<\/td><\/tr><tr><td>Particularidades<\/td><td>En los Pa\u00edses Bajos, el Kia Soul solo est\u00e1 disponible con propulsi\u00f3n el\u00e9ctrica.<\/td><\/tr><\/tbody><\/table><\/figure>\n\n<h2 class=\"wp-block-heading\">Dimensiones\/pesos<\/h2>\n\n<figure class=\"wp-block-table is-style-stripes\"><table class=\"has-fixed-layout\"><tbody><tr><td>Tama\u00f1o de llanta<\/td><td>215\/55 R17<\/td><\/tr><tr><td>L x An x Al<\/td><td>4195 x 1800 x 1605 mm<\/td><\/tr><tr><td>distancia entre ejes<\/td><td>2600 mm<\/td><\/tr><tr><td>Masa vac\u00eda<\/td><td>1.510 kg<\/td><\/tr><tr><td>m\u00e1x. seg\u00fan peso<\/td><td>n\/d kg<\/td><\/tr><tr><td>continuaci\u00f3n bolsa. habitaci\u00f3n.<\/td><td>315 litros<\/td><\/tr><\/tbody><\/table><\/figure>\n\n<h2 class=\"wp-block-heading\">Consumo<\/h2>\n\n<figure class=\"wp-block-table is-style-stripes\"><table class=\"has-fixed-layout\"><tbody><tr><td>Etiqueta energ\u00e9tica<\/td><td>a<\/td><\/tr><\/tbody><\/table><\/figure>\n","protected":false},"excerpt":{"rendered":"<p>El Kia Soul es un modelo de la divisi\u00f3n americana de la marca. La historia del modelo es notable. El [&hellip;]<\/p>\n","protected":false},"author":4,"featured_media":118130,"parent":117701,"menu_order":0,"comment_status":"closed","ping_status":"closed","template":"","meta":{"footnotes":""},"class_list":["post-118210","page","type-page","status-publish","has-post-thumbnail","hentry"],"acf":[],"yoast_head":"<!-- This site is optimized with the Yoast SEO plugin v21.2 - https:\/\/yoast.com\/wordpress\/plugins\/seo\/ -->\n<title>kia alma - All cars news<\/title>\n<meta name=\"robots\" content=\"index, follow, max-snippet:-1, max-image-preview:large, max-video-preview:-1\" \/>\n<link rel=\"canonical\" href=\"https:\/\/all-car-news.com\/es\/buscador-de-coches\/volkswagen\/kia-alma\/\" \/>\n<meta property=\"og:locale\" content=\"es_ES\" \/>\n<meta property=\"og:type\" content=\"article\" \/>\n<meta property=\"og:title\" content=\"kia alma - All cars news\" \/>\n<meta property=\"og:description\" content=\"El Kia Soul es un modelo de la divisi\u00f3n americana de la marca. La historia del modelo es notable. El [&hellip;]\" \/>\n<meta property=\"og:url\" content=\"https:\/\/all-car-news.com\/es\/buscador-de-coches\/volkswagen\/kia-alma\/\" \/>\n<meta property=\"og:site_name\" content=\"All cars news\" \/>\n<meta property=\"article:modified_time\" content=\"2022-03-09T09:07:10+00:00\" \/>\n<meta property=\"og:image\" content=\"https:\/\/all-car-news.com\/wp-content\/uploads\/2022\/03\/Kia-Soul-EV-1.jpg\" \/>\n\t<meta property=\"og:image:width\" content=\"1279\" \/>\n\t<meta property=\"og:image:height\" content=\"925\" \/>\n\t<meta property=\"og:image:type\" content=\"image\/jpeg\" \/>\n<meta name=\"twitter:card\" content=\"summary_large_image\" \/>\n<meta name=\"twitter:label1\" content=\"Tiempo de lectura\" \/>\n\t<meta name=\"twitter:data1\" content=\"2 minutos\" \/>\n<script type=\"application\/ld+json\" class=\"yoast-schema-graph\">{\"@context\":\"https:\/\/schema.org\",\"@graph\":[{\"@type\":\"WebPage\",\"@id\":\"https:\/\/all-car-news.com\/es\/buscador-de-coches\/volkswagen\/kia-alma\/\",\"url\":\"https:\/\/all-car-news.com\/es\/buscador-de-coches\/volkswagen\/kia-alma\/\",\"name\":\"kia alma - All cars news\",\"isPartOf\":{\"@id\":\"https:\/\/all-car-news.com\/es\/#website\"},\"datePublished\":\"2022-03-09T09:06:51+00:00\",\"dateModified\":\"2022-03-09T09:07:10+00:00\",\"breadcrumb\":{\"@id\":\"https:\/\/all-car-news.com\/es\/buscador-de-coches\/volkswagen\/kia-alma\/#breadcrumb\"},\"inLanguage\":\"es\",\"potentialAction\":[{\"@type\":\"ReadAction\",\"target\":[\"https:\/\/all-car-news.com\/es\/buscador-de-coches\/volkswagen\/kia-alma\/\"]}]},{\"@type\":\"BreadcrumbList\",\"@id\":\"https:\/\/all-car-news.com\/es\/buscador-de-coches\/volkswagen\/kia-alma\/#breadcrumb\",\"itemListElement\":[{\"@type\":\"ListItem\",\"position\":1,\"name\":\"Home\",\"item\":\"https:\/\/all-car-news.com\/es\/\"},{\"@type\":\"ListItem\",\"position\":2,\"name\":\"buscador de coches\",\"item\":\"https:\/\/all-car-news.com\/es\/buscador-de-coches\/\"},{\"@type\":\"ListItem\",\"position\":3,\"name\":\"volkswagen\",\"item\":\"https:\/\/all-car-news.com\/es\/buscador-de-coches\/volkswagen\/\"},{\"@type\":\"ListItem\",\"position\":4,\"name\":\"kia alma\"}]},{\"@type\":\"WebSite\",\"@id\":\"https:\/\/all-car-news.com\/es\/#website\",\"url\":\"https:\/\/all-car-news.com\/es\/\",\"name\":\"All cars news\",\"description\":\"\",\"publisher\":{\"@id\":\"https:\/\/all-car-news.com\/es\/#organization\"},\"potentialAction\":[{\"@type\":\"SearchAction\",\"target\":{\"@type\":\"EntryPoint\",\"urlTemplate\":\"https:\/\/all-car-news.com\/es\/?s={search_term_string}\"},\"query-input\":\"required name=search_term_string\"}],\"inLanguage\":\"es\"},{\"@type\":\"Organization\",\"@id\":\"https:\/\/all-car-news.com\/es\/#organization\",\"name\":\"All cars news\",\"url\":\"https:\/\/all-car-news.com\/es\/\",\"logo\":{\"@type\":\"ImageObject\",\"inLanguage\":\"es\",\"@id\":\"https:\/\/all-car-news.com\/es\/#\/schema\/logo\/image\/\",\"url\":\"https:\/\/all-car-news.com\/wp-content\/uploads\/2022\/02\/CMYK-AllCarNews_LANDSCAPE_300px-1.png\",\"contentUrl\":\"https:\/\/all-car-news.com\/wp-content\/uploads\/2022\/02\/CMYK-AllCarNews_LANDSCAPE_300px-1.png\",\"width\":300,\"height\":100,\"caption\":\"All cars news\"},\"image\":{\"@id\":\"https:\/\/all-car-news.com\/es\/#\/schema\/logo\/image\/\"}}]}<\/script>\n<!-- \/ Yoast SEO plugin. -->","yoast_head_json":{"title":"kia alma - All cars news","robots":{"index":"index","follow":"follow","max-snippet":"max-snippet:-1","max-image-preview":"max-image-preview:large","max-video-preview":"max-video-preview:-1"},"canonical":"https:\/\/all-car-news.com\/es\/buscador-de-coches\/volkswagen\/kia-alma\/","og_locale":"es_ES","og_type":"article","og_title":"kia alma - All cars news","og_description":"El Kia Soul es un modelo de la divisi\u00f3n americana de la marca. La historia del modelo es notable. El [&hellip;]","og_url":"https:\/\/all-car-news.com\/es\/buscador-de-coches\/volkswagen\/kia-alma\/","og_site_name":"All cars news","article_modified_time":"2022-03-09T09:07:10+00:00","og_image":[{"width":1279,"height":925,"url":"https:\/\/all-car-news.com\/wp-content\/uploads\/2022\/03\/Kia-Soul-EV-1.jpg","type":"image\/jpeg"}],"twitter_card":"summary_large_image","twitter_misc":{"Tiempo de lectura":"2 minutos"},"schema":{"@context":"https:\/\/schema.org","@graph":[{"@type":"WebPage","@id":"https:\/\/all-car-news.com\/es\/buscador-de-coches\/volkswagen\/kia-alma\/","url":"https:\/\/all-car-news.com\/es\/buscador-de-coches\/volkswagen\/kia-alma\/","name":"kia alma - All cars news","isPartOf":{"@id":"https:\/\/all-car-news.com\/es\/#website"},"datePublished":"2022-03-09T09:06:51+00:00","dateModified":"2022-03-09T09:07:10+00:00","breadcrumb":{"@id":"https:\/\/all-car-news.com\/es\/buscador-de-coches\/volkswagen\/kia-alma\/#breadcrumb"},"inLanguage":"es","potentialAction":[{"@type":"ReadAction","target":["https:\/\/all-car-news.com\/es\/buscador-de-coches\/volkswagen\/kia-alma\/"]}]},{"@type":"BreadcrumbList","@id":"https:\/\/all-car-news.com\/es\/buscador-de-coches\/volkswagen\/kia-alma\/#breadcrumb","itemListElement":[{"@type":"ListItem","position":1,"name":"Home","item":"https:\/\/all-car-news.com\/es\/"},{"@type":"ListItem","position":2,"name":"buscador de coches","item":"https:\/\/all-car-news.com\/es\/buscador-de-coches\/"},{"@type":"ListItem","position":3,"name":"volkswagen","item":"https:\/\/all-car-news.com\/es\/buscador-de-coches\/volkswagen\/"},{"@type":"ListItem","position":4,"name":"kia alma"}]},{"@type":"WebSite","@id":"https:\/\/all-car-news.com\/es\/#website","url":"https:\/\/all-car-news.com\/es\/","name":"All cars news","description":"","publisher":{"@id":"https:\/\/all-car-news.com\/es\/#organization"},"potentialAction":[{"@type":"SearchAction","target":{"@type":"EntryPoint","urlTemplate":"https:\/\/all-car-news.com\/es\/?s={search_term_string}"},"query-input":"required name=search_term_string"}],"inLanguage":"es"},{"@type":"Organization","@id":"https:\/\/all-car-news.com\/es\/#organization","name":"All cars news","url":"https:\/\/all-car-news.com\/es\/","logo":{"@type":"ImageObject","inLanguage":"es","@id":"https:\/\/all-car-news.com\/es\/#\/schema\/logo\/image\/","url":"https:\/\/all-car-news.com\/wp-content\/uploads\/2022\/02\/CMYK-AllCarNews_LANDSCAPE_300px-1.png","contentUrl":"https:\/\/all-car-news.com\/wp-content\/uploads\/2022\/02\/CMYK-AllCarNews_LANDSCAPE_300px-1.png","width":300,"height":100,"caption":"All cars news"},"image":{"@id":"https:\/\/all-car-news.com\/es\/#\/schema\/logo\/image\/"}}]}},"_links":{"self":[{"href":"https:\/\/all-car-news.com\/es\/wp-json\/wp\/v2\/pages\/118210","targetHints":{"allow":["GET"]}}],"collection":[{"href":"https:\/\/all-car-news.com\/es\/wp-json\/wp\/v2\/pages"}],"about":[{"href":"https:\/\/all-car-news.com\/es\/wp-json\/wp\/v2\/types\/page"}],"author":[{"embeddable":true,"href":"https:\/\/all-car-news.com\/es\/wp-json\/wp\/v2\/users\/4"}],"replies":[{"embeddable":true,"href":"https:\/\/all-car-news.com\/es\/wp-json\/wp\/v2\/comments?post=118210"}],"version-history":[{"count":0,"href":"https:\/\/all-car-news.com\/es\/wp-json\/wp\/v2\/pages\/118210\/revisions"}],"up":[{"embeddable":true,"href":"https:\/\/all-car-news.com\/es\/wp-json\/wp\/v2\/pages\/117701"}],"wp:featuredmedia":[{"embeddable":true,"href":"https:\/\/all-car-news.com\/es\/wp-json\/wp\/v2\/media\/118130"}],"wp:attachment":[{"href":"https:\/\/all-car-news.com\/es\/wp-json\/wp\/v2\/media?parent=118210"}],"curies":[{"name":"wp","href":"https:\/\/api.w.org\/{rel}","templated":true}]}}

<p>El Kia Soul es un modelo de la división americana de la marca. La historia del modelo es notable. El diseñador Torpey pensó en un nuevo tipo de automóvil y se le ocurrió la idea de un jabalí con mochila como resultado de un documental. El resultado fue un boceto caricaturesco de él y la fuerza y el poder que irradiaba ese cerdo era la imagen que se suponía que evocaba el automóvil. Naturalmente.</p>

<p>El Kia Soul es un modelo de la división americana de la marca. La historia del modelo es notable. El diseñador Torpey pensó en un nuevo tipo de automóvil y se le ocurrió la idea de un jabalí con mochila como resultado de un documental. El resultado fue un boceto caricaturesco de él y la fuerza y el poder que irradiaba ese cerdo era la imagen que se suponía que evocaba el automóvil. Naturalmente.</p>

<h2 class="wp-block-heading"><strong>Solo ponte en marcha&#8230;</strong><br/></h2>

<p>El resultado fue el impactante Kia Soul de primera generación, presentado en 2009. En respuesta a las críticas, se realizó una actualización del interior y las cualidades de conducción del automóvil después de solo un año. Sin embargo, después de este comienzo inestable, el Soul logró lograr buenas ventas, especialmente en el «mercado interno» de Estados Unidos.</p>

<h2 class="wp-block-heading"><strong>Nuevo y eléctrico</strong><br/></h2>

<p>La segunda generación se lanzó en 2013. Ese modelo dio un gran paso adelante tanto en calidad como en diseño. Nuevo desde 2014 es una versión totalmente eléctrica del Soul. Desde entonces, también ha sido el único modelo del Soul que se entrega en los Países Bajos. A finales de 2018 se presentó la tercera generación del Soul, que salió al mercado a finales de 2019. Sin comprometer la forma original característica del automóvil, un nuevo modelo está listo nuevamente. Por supuesto, también hay una variante completamente eléctrica del nuevo. Su nombre cambia de Soul EV a e-Soul. Bajo el nombre e-Soul Cargo, también hay una versión de pedido para una matrícula gris.</p>

<h2 class="wp-block-heading">Técnico</h2>

<figure class="wp-block-table is-style-stripes"><table class="has-fixed-layout"><tbody><tr><td>Tipo de motor</td><td>eléctrico</td></tr><tr><td>Batería</td><td>iones de litio</td></tr><tr><td>Capacidad</td><td>64 kWh</td></tr><tr><td>Conducir</td><td>ruedas frontales</td></tr><tr><td>Frenos de/a</td><td>dado discos/discos</td></tr><tr><td>Radio de giro</td><td>10,6 metros</td></tr><tr><td>Rango</td><td>276 kilometros</td></tr><tr><td>Tiempo de carga a 220V</td><td>4:10 a.m.</td></tr><tr><td>Rango de poder</td><td>100 a 150 kilovatios</td></tr></tbody></table></figure>

<h2 class="wp-block-heading">Rendimiento</h2>

<figure class="wp-block-table is-style-stripes"><table class="has-fixed-layout"><tbody><tr><td>Energía del sistema</td><td>100 kW (136 CV)</td></tr><tr><td>Par de sistemas</td><td>395 nm</td></tr><tr><td>Cuenta 0-100 km/h</td><td>9.9 seg</td></tr><tr><td>velocidad máxima</td><td>157 km/h</td></tr></tbody></table></figure>

<h2 class="wp-block-heading">General</h2>

<figure class="wp-block-table is-style-stripes"><table class="has-fixed-layout"><tbody><tr><td>Transmisión</td><td>piñón fijo</td></tr><tr><td>Tipo de cuerpo</td><td>5 hab. hatchback</td></tr><tr><td>EuroNCAP</td><td>no probado</td></tr><tr><td>Lanzamiento al mercado</td><td>noviembre de 2019</td></tr><tr><td>Último lavado de cara</td><td>N / A</td></tr><tr><td>Garantía</td><td>7 años</td></tr><tr><td>Desde precio</td><td>33.995 €</td></tr><tr><td>Particularidades</td><td>En los Países Bajos, el Kia Soul solo está disponible con propulsión eléctrica.</td></tr></tbody></table></figure>

<h2 class="wp-block-heading">Dimensiones/pesos</h2>

<figure class="wp-block-table is-style-stripes"><table class="has-fixed-layout"><tbody><tr><td>Tamaño de llanta</td><td>215/55 R17</td></tr><tr><td>L x An x Al</td><td>4195 x 1800 x 1605 mm</td></tr><tr><td>distancia entre ejes</td><td>2600 mm</td></tr><tr><td>Masa vacía</td><td>1.510 kg</td></tr><tr><td>máx. según peso</td><td>n/d kg</td></tr><tr><td>continuación bolsa. habitación.</td><td>315 litros</td></tr></tbody></table></figure>

<h2 class="wp-block-heading">Consumo</h2>

<figure class="wp-block-table is-style-stripes"><table class="has-fixed-layout"><tbody><tr><td>Etiqueta energética</td><td>a</td></tr></tbody></table></figure>

<p>El Kia Soul es un modelo de la división americana de la marca. La historia del modelo es notable. El [&hellip;]</p>

<!-- This site is optimized with the Yoast SEO plugin v21.2 - https://yoast.com/wordpress/plugins/seo/ -->
<title>kia alma - All cars news</title>
<meta name="robots" content="index, follow, max-snippet:-1, max-image-preview:large, max-video-preview:-1" />
<link rel="canonical" href="https://all-car-news.com/es/buscador-de-coches/volkswagen/kia-alma/" />
<meta property="og:locale" content="es_ES" />
<meta property="og:type" content="article" />
<meta property="og:title" content="kia alma - All cars news" />
<meta property="og:description" content="El Kia Soul es un modelo de la división americana de la marca. La historia del modelo es notable. El [&hellip;]" />
<meta property="og:url" content="https://all-car-news.com/es/buscador-de-coches/volkswagen/kia-alma/" />
<meta property="og:site_name" content="All cars news" />
<meta property="article:modified_time" content="2022-03-09T09:07:10+00:00" />
<meta property="og:image" content="https://all-car-news.com/wp-content/uploads/2022/03/Kia-Soul-EV-1.jpg" />
	<meta property="og:image:width" content="1279" />
	<meta property="og:image:height" content="925" />
	<meta property="og:image:type" content="image/jpeg" />
<meta name="twitter:card" content="summary_large_image" />
<meta name="twitter:label1" content="Tiempo de lectura" />
	<meta name="twitter:data1" content="2 minutos" />
<script type="application/ld+json" class="yoast-schema-graph">{"@context":"https://schema.org","@graph":[{"@type":"WebPage","@id":"https://all-car-news.com/es/buscador-de-coches/volkswagen/kia-alma/","url":"https://all-car-news.com/es/buscador-de-coches/volkswagen/kia-alma/","name":"kia alma - All cars news","isPartOf":{"@id":"https://all-car-news.com/es/#website"},"datePublished":"2022-03-09T09:06:51+00:00","dateModified":"2022-03-09T09:07:10+00:00","breadcrumb":{"@id":"https://all-car-news.com/es/buscador-de-coches/volkswagen/kia-alma/#breadcrumb"},"inLanguage":"es","potentialAction":[{"@type":"ReadAction","target":["https://all-car-news.com/es/buscador-de-coches/volkswagen/kia-alma/"]}]},{"@type":"BreadcrumbList","@id":"https://all-car-news.com/es/buscador-de-coches/volkswagen/kia-alma/#breadcrumb","itemListElement":[{"@type":"ListItem","position":1,"name":"Home","item":"https://all-car-news.com/es/"},{"@type":"ListItem","position":2,"name":"buscador de coches","item":"https://all-car-news.com/es/buscador-de-coches/"},{"@type":"ListItem","position":3,"name":"volkswagen","item":"https://all-car-news.com/es/buscador-de-coches/volkswagen/"},{"@type":"ListItem","position":4,"name":"kia alma"}]},{"@type":"WebSite","@id":"https://all-car-news.com/es/#website","url":"https://all-car-news.com/es/","name":"All cars news","description":"","publisher":{"@id":"https://all-car-news.com/es/#organization"},"potentialAction":[{"@type":"SearchAction","target":{"@type":"EntryPoint","urlTemplate":"https://all-car-news.com/es/?s={search_term_string}"},"query-input":"required name=search_term_string"}],"inLanguage":"es"},{"@type":"Organization","@id":"https://all-car-news.com/es/#organization","name":"All cars news","url":"https://all-car-news.com/es/","logo":{"@type":"ImageObject","inLanguage":"es","@id":"https://all-car-news.com/es/#/schema/logo/image/","url":"https://all-car-news.com/wp-content/uploads/2022/02/CMYK-AllCarNews_LANDSCAPE_300px-1.png","contentUrl":"https://all-car-news.com/wp-content/uploads/2022/02/CMYK-AllCarNews_LANDSCAPE_300px-1.png","width":300,"height":100,"caption":"All cars news"},"image":{"@id":"https://all-car-news.com/es/#/schema/logo/image/"}}]}</script>
<!-- / Yoast SEO plugin. -->

El Kia Soul es un modelo de la división americana de la marca. La historia del modelo es notable. El [&hellip;]
