{"id":116516,"date":"2022-02-22T09:31:12","date_gmt":"2022-02-22T09:31:12","guid":{"rendered":"https:\/\/all-car-news.com\/bmw\/"},"modified":"2022-02-22T09:49:16","modified_gmt":"2022-02-22T09:49:16","slug":"bmw","status":"publish","type":"page","link":"https:\/\/all-car-news.com\/es\/buscador-de-coches\/bmw\/","title":{"rendered":"BMW"},"content":{"rendered":"\n<h2 class=\"wp-block-heading\" id=\"bmw-geschiedenis\">historia de bmw<\/h2>\n\n<p>En 2016 BMW celebr\u00f3 su 100 aniversario. BMW (Bayerische Motoren Werke) considera la fecha de fundaci\u00f3n de su antecesor legal, Bayerische Flugzeug Werke (7 de marzo de 1916) como fecha de inicio.<\/p>\n\n<p>Con la adquisici\u00f3n del fabricante de autom\u00f3viles Eisenach en 1928, BMW tambi\u00e9n se convirti\u00f3 en fabricante de autom\u00f3viles. El primer BMW fue el Dixi, un derivado del Austin Seven de esa \u00e9poca. A partir de 1933, BMW fabric\u00f3 sus propios modelos con un motor deportivo de seis cilindros. Especialmente con el 327 y el 328, BMW adquiri\u00f3 una imagen deportiva.<\/p>\n\n<p>Despu\u00e9s de la guerra, BMW, como fabricante de autom\u00f3viles, produjo un sed\u00e1n grande y un autom\u00f3vil deportivo, ambos con un motor V8. No es un material con el que prosper\u00f3 el fabricante de autom\u00f3viles en los a\u00f1os de la posguerra. La licencia de la ISO italiana para construir una especie de scooter, el BMW-Isetta, simplemente mantuvo a BMW en marcha. A principios de la d\u00e9cada de 1960, el cambio se produjo con el &#8216;Neue Klasse&#8217; 1500 y los sedanes deportivos derivados con tracci\u00f3n trasera.<\/p>\n\n<p>En 1994, BMW se hizo cargo del siempre averiado Rover. De esa adquisici\u00f3n s\u00f3lo ha conservado la marca Mini. La adquisici\u00f3n de Rolls-Royce y Bentley tambi\u00e9n fracas\u00f3 en cierto sentido y BMW finalmente solo asegur\u00f3 los derechos de marca del fabricante de autom\u00f3viles Rolls-Royce. En 2011, BMW lanz\u00f3 la etiqueta BMW i, con el coche urbano i3 totalmente el\u00e9ctrico y el deportivo i8 tambi\u00e9n totalmente el\u00e9ctrico.<\/p>\n\n<h2 class=\"wp-block-heading\" id=\"bmw-logo\">logotipo de bmw<\/h2>\n\n<p>BMW explica su logotipo, una h\u00e9lice estilizada, de sus or\u00edgenes como fabricante de aviones, pero los colores azul y blanco tambi\u00e9n hacen referencia a los colores del estado alem\u00e1n de Baviera, donde tiene su sede BMW.<\/p>\n","protected":false},"excerpt":{"rendered":"<p>historia de bmw En 2016 BMW celebr\u00f3 su 100 aniversario. BMW (Bayerische Motoren Werke) considera la fecha de fundaci\u00f3n de [&hellip;]<\/p>\n","protected":false},"author":2,"featured_media":116563,"parent":116569,"menu_order":0,"comment_status":"closed","ping_status":"closed","template":"","meta":{"footnotes":""},"class_list":["post-116516","page","type-page","status-publish","has-post-thumbnail","hentry"],"acf":[],"yoast_head":"<!-- This site is optimized with the Yoast SEO plugin v21.2 - https:\/\/yoast.com\/wordpress\/plugins\/seo\/ -->\n<title>BMW - All cars news<\/title>\n<meta name=\"robots\" content=\"index, follow, max-snippet:-1, max-image-preview:large, max-video-preview:-1\" \/>\n<link rel=\"canonical\" href=\"https:\/\/all-car-news.com\/es\/buscador-de-coches\/bmw\/\" \/>\n<meta property=\"og:locale\" content=\"es_ES\" \/>\n<meta property=\"og:type\" content=\"article\" \/>\n<meta property=\"og:title\" content=\"BMW - All cars news\" \/>\n<meta property=\"og:description\" content=\"historia de bmw En 2016 BMW celebr\u00f3 su 100 aniversario. BMW (Bayerische Motoren Werke) considera la fecha de fundaci\u00f3n de [&hellip;]\" \/>\n<meta property=\"og:url\" content=\"https:\/\/all-car-news.com\/es\/buscador-de-coches\/bmw\/\" \/>\n<meta property=\"og:site_name\" content=\"All cars news\" \/>\n<meta property=\"article:modified_time\" content=\"2022-02-22T09:49:16+00:00\" \/>\n<meta property=\"og:image\" content=\"https:\/\/all-car-news.com\/wp-content\/uploads\/2022\/02\/BMW-8-Series_Coupe-2019-1600-07-1600x500-1.jpeg\" \/>\n\t<meta property=\"og:image:width\" content=\"1600\" \/>\n\t<meta property=\"og:image:height\" content=\"500\" \/>\n\t<meta property=\"og:image:type\" content=\"image\/jpeg\" \/>\n<meta name=\"twitter:card\" content=\"summary_large_image\" \/>\n<meta name=\"twitter:label1\" content=\"Tiempo de lectura\" \/>\n\t<meta name=\"twitter:data1\" content=\"1 minuto\" \/>\n<script type=\"application\/ld+json\" class=\"yoast-schema-graph\">{\"@context\":\"https:\/\/schema.org\",\"@graph\":[{\"@type\":\"WebPage\",\"@id\":\"https:\/\/all-car-news.com\/es\/buscador-de-coches\/bmw\/\",\"url\":\"https:\/\/all-car-news.com\/es\/buscador-de-coches\/bmw\/\",\"name\":\"BMW - All cars news\",\"isPartOf\":{\"@id\":\"https:\/\/all-car-news.com\/es\/#website\"},\"datePublished\":\"2022-02-22T09:31:12+00:00\",\"dateModified\":\"2022-02-22T09:49:16+00:00\",\"breadcrumb\":{\"@id\":\"https:\/\/all-car-news.com\/es\/buscador-de-coches\/bmw\/#breadcrumb\"},\"inLanguage\":\"es\",\"potentialAction\":[{\"@type\":\"ReadAction\",\"target\":[\"https:\/\/all-car-news.com\/es\/buscador-de-coches\/bmw\/\"]}]},{\"@type\":\"BreadcrumbList\",\"@id\":\"https:\/\/all-car-news.com\/es\/buscador-de-coches\/bmw\/#breadcrumb\",\"itemListElement\":[{\"@type\":\"ListItem\",\"position\":1,\"name\":\"Home\",\"item\":\"https:\/\/all-car-news.com\/es\/\"},{\"@type\":\"ListItem\",\"position\":2,\"name\":\"buscador de coches\",\"item\":\"https:\/\/all-car-news.com\/es\/buscador-de-coches\/\"},{\"@type\":\"ListItem\",\"position\":3,\"name\":\"BMW\"}]},{\"@type\":\"WebSite\",\"@id\":\"https:\/\/all-car-news.com\/es\/#website\",\"url\":\"https:\/\/all-car-news.com\/es\/\",\"name\":\"All cars news\",\"description\":\"\",\"publisher\":{\"@id\":\"https:\/\/all-car-news.com\/es\/#organization\"},\"potentialAction\":[{\"@type\":\"SearchAction\",\"target\":{\"@type\":\"EntryPoint\",\"urlTemplate\":\"https:\/\/all-car-news.com\/es\/?s={search_term_string}\"},\"query-input\":\"required name=search_term_string\"}],\"inLanguage\":\"es\"},{\"@type\":\"Organization\",\"@id\":\"https:\/\/all-car-news.com\/es\/#organization\",\"name\":\"All cars news\",\"url\":\"https:\/\/all-car-news.com\/es\/\",\"logo\":{\"@type\":\"ImageObject\",\"inLanguage\":\"es\",\"@id\":\"https:\/\/all-car-news.com\/es\/#\/schema\/logo\/image\/\",\"url\":\"https:\/\/all-car-news.com\/wp-content\/uploads\/2022\/02\/CMYK-AllCarNews_LANDSCAPE_300px-1.png\",\"contentUrl\":\"https:\/\/all-car-news.com\/wp-content\/uploads\/2022\/02\/CMYK-AllCarNews_LANDSCAPE_300px-1.png\",\"width\":300,\"height\":100,\"caption\":\"All cars news\"},\"image\":{\"@id\":\"https:\/\/all-car-news.com\/es\/#\/schema\/logo\/image\/\"}}]}<\/script>\n<!-- \/ Yoast SEO plugin. -->","yoast_head_json":{"title":"BMW - All cars news","robots":{"index":"index","follow":"follow","max-snippet":"max-snippet:-1","max-image-preview":"max-image-preview:large","max-video-preview":"max-video-preview:-1"},"canonical":"https:\/\/all-car-news.com\/es\/buscador-de-coches\/bmw\/","og_locale":"es_ES","og_type":"article","og_title":"BMW - All cars news","og_description":"historia de bmw En 2016 BMW celebr\u00f3 su 100 aniversario. BMW (Bayerische Motoren Werke) considera la fecha de fundaci\u00f3n de [&hellip;]","og_url":"https:\/\/all-car-news.com\/es\/buscador-de-coches\/bmw\/","og_site_name":"All cars news","article_modified_time":"2022-02-22T09:49:16+00:00","og_image":[{"width":1600,"height":500,"url":"https:\/\/all-car-news.com\/wp-content\/uploads\/2022\/02\/BMW-8-Series_Coupe-2019-1600-07-1600x500-1.jpeg","type":"image\/jpeg"}],"twitter_card":"summary_large_image","twitter_misc":{"Tiempo de lectura":"1 minuto"},"schema":{"@context":"https:\/\/schema.org","@graph":[{"@type":"WebPage","@id":"https:\/\/all-car-news.com\/es\/buscador-de-coches\/bmw\/","url":"https:\/\/all-car-news.com\/es\/buscador-de-coches\/bmw\/","name":"BMW - All cars news","isPartOf":{"@id":"https:\/\/all-car-news.com\/es\/#website"},"datePublished":"2022-02-22T09:31:12+00:00","dateModified":"2022-02-22T09:49:16+00:00","breadcrumb":{"@id":"https:\/\/all-car-news.com\/es\/buscador-de-coches\/bmw\/#breadcrumb"},"inLanguage":"es","potentialAction":[{"@type":"ReadAction","target":["https:\/\/all-car-news.com\/es\/buscador-de-coches\/bmw\/"]}]},{"@type":"BreadcrumbList","@id":"https:\/\/all-car-news.com\/es\/buscador-de-coches\/bmw\/#breadcrumb","itemListElement":[{"@type":"ListItem","position":1,"name":"Home","item":"https:\/\/all-car-news.com\/es\/"},{"@type":"ListItem","position":2,"name":"buscador de coches","item":"https:\/\/all-car-news.com\/es\/buscador-de-coches\/"},{"@type":"ListItem","position":3,"name":"BMW"}]},{"@type":"WebSite","@id":"https:\/\/all-car-news.com\/es\/#website","url":"https:\/\/all-car-news.com\/es\/","name":"All cars news","description":"","publisher":{"@id":"https:\/\/all-car-news.com\/es\/#organization"},"potentialAction":[{"@type":"SearchAction","target":{"@type":"EntryPoint","urlTemplate":"https:\/\/all-car-news.com\/es\/?s={search_term_string}"},"query-input":"required name=search_term_string"}],"inLanguage":"es"},{"@type":"Organization","@id":"https:\/\/all-car-news.com\/es\/#organization","name":"All cars news","url":"https:\/\/all-car-news.com\/es\/","logo":{"@type":"ImageObject","inLanguage":"es","@id":"https:\/\/all-car-news.com\/es\/#\/schema\/logo\/image\/","url":"https:\/\/all-car-news.com\/wp-content\/uploads\/2022\/02\/CMYK-AllCarNews_LANDSCAPE_300px-1.png","contentUrl":"https:\/\/all-car-news.com\/wp-content\/uploads\/2022\/02\/CMYK-AllCarNews_LANDSCAPE_300px-1.png","width":300,"height":100,"caption":"All cars news"},"image":{"@id":"https:\/\/all-car-news.com\/es\/#\/schema\/logo\/image\/"}}]}},"_links":{"self":[{"href":"https:\/\/all-car-news.com\/es\/wp-json\/wp\/v2\/pages\/116516","targetHints":{"allow":["GET"]}}],"collection":[{"href":"https:\/\/all-car-news.com\/es\/wp-json\/wp\/v2\/pages"}],"about":[{"href":"https:\/\/all-car-news.com\/es\/wp-json\/wp\/v2\/types\/page"}],"author":[{"embeddable":true,"href":"https:\/\/all-car-news.com\/es\/wp-json\/wp\/v2\/users\/2"}],"replies":[{"embeddable":true,"href":"https:\/\/all-car-news.com\/es\/wp-json\/wp\/v2\/comments?post=116516"}],"version-history":[{"count":0,"href":"https:\/\/all-car-news.com\/es\/wp-json\/wp\/v2\/pages\/116516\/revisions"}],"up":[{"embeddable":true,"href":"https:\/\/all-car-news.com\/es\/wp-json\/wp\/v2\/pages\/116569"}],"wp:featuredmedia":[{"embeddable":true,"href":"https:\/\/all-car-news.com\/es\/wp-json\/wp\/v2\/media\/116563"}],"wp:attachment":[{"href":"https:\/\/all-car-news.com\/es\/wp-json\/wp\/v2\/media?parent=116516"}],"curies":[{"name":"wp","href":"https:\/\/api.w.org\/{rel}","templated":true}]}}

<h2 class="wp-block-heading" id="bmw-geschiedenis">historia de bmw</h2>

<p>En 2016 BMW celebró su 100 aniversario. BMW (Bayerische Motoren Werke) considera la fecha de fundación de su antecesor legal, Bayerische Flugzeug Werke (7 de marzo de 1916) como fecha de inicio.</p>

<p>Con la adquisición del fabricante de automóviles Eisenach en 1928, BMW también se convirtió en fabricante de automóviles. El primer BMW fue el Dixi, un derivado del Austin Seven de esa época. A partir de 1933, BMW fabricó sus propios modelos con un motor deportivo de seis cilindros. Especialmente con el 327 y el 328, BMW adquirió una imagen deportiva.</p>

<p>Después de la guerra, BMW, como fabricante de automóviles, produjo un sedán grande y un automóvil deportivo, ambos con un motor V8. No es un material con el que prosperó el fabricante de automóviles en los años de la posguerra. La licencia de la ISO italiana para construir una especie de scooter, el BMW-Isetta, simplemente mantuvo a BMW en marcha. A principios de la década de 1960, el cambio se produjo con el &#8216;Neue Klasse&#8217; 1500 y los sedanes deportivos derivados con tracción trasera.</p>

<p>En 1994, BMW se hizo cargo del siempre averiado Rover. De esa adquisición sólo ha conservado la marca Mini. La adquisición de Rolls-Royce y Bentley también fracasó en cierto sentido y BMW finalmente solo aseguró los derechos de marca del fabricante de automóviles Rolls-Royce. En 2011, BMW lanzó la etiqueta BMW i, con el coche urbano i3 totalmente eléctrico y el deportivo i8 también totalmente eléctrico.</p>

<h2 class="wp-block-heading" id="bmw-logo">logotipo de bmw</h2>

<p>BMW explica su logotipo, una hélice estilizada, de sus orígenes como fabricante de aviones, pero los colores azul y blanco también hacen referencia a los colores del estado alemán de Baviera, donde tiene su sede BMW.</p>

<p>historia de bmw En 2016 BMW celebró su 100 aniversario. BMW (Bayerische Motoren Werke) considera la fecha de fundación de [&hellip;]</p>

<!-- This site is optimized with the Yoast SEO plugin v21.2 - https://yoast.com/wordpress/plugins/seo/ -->
<title>BMW - All cars news</title>
<meta name="robots" content="index, follow, max-snippet:-1, max-image-preview:large, max-video-preview:-1" />
<link rel="canonical" href="https://all-car-news.com/es/buscador-de-coches/bmw/" />
<meta property="og:locale" content="es_ES" />
<meta property="og:type" content="article" />
<meta property="og:title" content="BMW - All cars news" />
<meta property="og:description" content="historia de bmw En 2016 BMW celebró su 100 aniversario. BMW (Bayerische Motoren Werke) considera la fecha de fundación de [&hellip;]" />
<meta property="og:url" content="https://all-car-news.com/es/buscador-de-coches/bmw/" />
<meta property="og:site_name" content="All cars news" />
<meta property="article:modified_time" content="2022-02-22T09:49:16+00:00" />
<meta property="og:image" content="https://all-car-news.com/wp-content/uploads/2022/02/BMW-8-Series_Coupe-2019-1600-07-1600x500-1.jpeg" />
	<meta property="og:image:width" content="1600" />
	<meta property="og:image:height" content="500" />
	<meta property="og:image:type" content="image/jpeg" />
<meta name="twitter:card" content="summary_large_image" />
<meta name="twitter:label1" content="Tiempo de lectura" />
	<meta name="twitter:data1" content="1 minuto" />
<script type="application/ld+json" class="yoast-schema-graph">{"@context":"https://schema.org","@graph":[{"@type":"WebPage","@id":"https://all-car-news.com/es/buscador-de-coches/bmw/","url":"https://all-car-news.com/es/buscador-de-coches/bmw/","name":"BMW - All cars news","isPartOf":{"@id":"https://all-car-news.com/es/#website"},"datePublished":"2022-02-22T09:31:12+00:00","dateModified":"2022-02-22T09:49:16+00:00","breadcrumb":{"@id":"https://all-car-news.com/es/buscador-de-coches/bmw/#breadcrumb"},"inLanguage":"es","potentialAction":[{"@type":"ReadAction","target":["https://all-car-news.com/es/buscador-de-coches/bmw/"]}]},{"@type":"BreadcrumbList","@id":"https://all-car-news.com/es/buscador-de-coches/bmw/#breadcrumb","itemListElement":[{"@type":"ListItem","position":1,"name":"Home","item":"https://all-car-news.com/es/"},{"@type":"ListItem","position":2,"name":"buscador de coches","item":"https://all-car-news.com/es/buscador-de-coches/"},{"@type":"ListItem","position":3,"name":"BMW"}]},{"@type":"WebSite","@id":"https://all-car-news.com/es/#website","url":"https://all-car-news.com/es/","name":"All cars news","description":"","publisher":{"@id":"https://all-car-news.com/es/#organization"},"potentialAction":[{"@type":"SearchAction","target":{"@type":"EntryPoint","urlTemplate":"https://all-car-news.com/es/?s={search_term_string}"},"query-input":"required name=search_term_string"}],"inLanguage":"es"},{"@type":"Organization","@id":"https://all-car-news.com/es/#organization","name":"All cars news","url":"https://all-car-news.com/es/","logo":{"@type":"ImageObject","inLanguage":"es","@id":"https://all-car-news.com/es/#/schema/logo/image/","url":"https://all-car-news.com/wp-content/uploads/2022/02/CMYK-AllCarNews_LANDSCAPE_300px-1.png","contentUrl":"https://all-car-news.com/wp-content/uploads/2022/02/CMYK-AllCarNews_LANDSCAPE_300px-1.png","width":300,"height":100,"caption":"All cars news"},"image":{"@id":"https://all-car-news.com/es/#/schema/logo/image/"}}]}</script>
<!-- / Yoast SEO plugin. -->

historia de bmw En 2016 BMW celebró su 100 aniversario. BMW (Bayerische Motoren Werke) considera la fecha de fundación de [&hellip;]
