{"version":"1.0","provider_name":"All cars news","provider_url":"https:\/\/all-car-news.com\/es\/","title":"Visto: un Nissan Verita - All cars news","type":"rich","width":600,"height":338,"html":"<blockquote class=\"wp-embedded-content\" data-secret=\"CpJLFRD8Wy\"><a href=\"https:\/\/all-car-news.com\/es\/visto-un-nissan-verita\/\">Visto: un Nissan Verita<\/a><\/blockquote><iframe sandbox=\"allow-scripts\" security=\"restricted\" src=\"https:\/\/all-car-news.com\/es\/visto-un-nissan-verita\/embed\/#?secret=CpJLFRD8Wy\" width=\"600\" height=\"338\" title=\"\u00abVisto: un Nissan Verita\u00bb \u2014 All cars news\" data-secret=\"CpJLFRD8Wy\" frameborder=\"0\" marginwidth=\"0\" marginheight=\"0\" scrolling=\"no\" class=\"wp-embedded-content\"><\/iframe><script type=\"text\/javascript\">\n\/* <![CDATA[ *\/\n\/*! This file is auto-generated *\/\n!function(d,l){\"use strict\";l.querySelector&&d.addEventListener&&\"undefined\"!=typeof URL&&(d.wp=d.wp||{},d.wp.receiveEmbedMessage||(d.wp.receiveEmbedMessage=function(e){var t=e.data;if((t||t.secret||t.message||t.value)&&!\/[^a-zA-Z0-9]\/.test(t.secret)){for(var s,r,n,a=l.querySelectorAll('iframe[data-secret=\"'+t.secret+'\"]'),o=l.querySelectorAll('blockquote[data-secret=\"'+t.secret+'\"]'),c=new RegExp(\"^https?:$\",\"i\"),i=0;i<o.length;i++)o[i].style.display=\"none\";for(i=0;i<a.length;i++)s=a[i],e.source===s.contentWindow&&(s.removeAttribute(\"style\"),\"height\"===t.message?(1e3<(r=parseInt(t.value,10))?r=1e3:~~r<200&&(r=200),s.height=r):\"link\"===t.message&&(r=new URL(s.getAttribute(\"src\")),n=new URL(t.value),c.test(n.protocol))&&n.host===r.host&&l.activeElement===s&&(d.top.location.href=t.value))}},d.addEventListener(\"message\",d.wp.receiveEmbedMessage,!1),l.addEventListener(\"DOMContentLoaded\",function(){for(var e,t,s=l.querySelectorAll(\"iframe.wp-embedded-content\"),r=0;r<s.length;r++)(t=(e=s[r]).getAttribute(\"data-secret\"))||(t=Math.random().toString(36).substring(2,12),e.src+=\"#?secret=\"+t,e.setAttribute(\"data-secret\",t)),e.contentWindow.postMessage({message:\"ready\",secret:t},\"*\")},!1)))}(window,document);\n\/\/# sourceURL=https:\/\/all-car-news.com\/wp-includes\/js\/wp-embed.min.js\n\/* ]]> *\/\n<\/script>\n","thumbnail_url":"https:\/\/autorai.nl\/wp-content\/uploads\/2026\/03\/AutoRAI-Gespot-Nissan-Verita-1280x720.jpg","thumbnail_width":600,"thumbnail_height":338,"description":"No es frecuente que nos encontremos con un coche que no sepamos exactamente qu\u00e9 es. Desgraciadamente, no hubo oportunidad de hacer una sesi\u00f3n fotogr\u00e1fica extensa, pero no quisimos ocultarte esta toma r\u00e1pida por su exclusividad."}

No es frecuente que nos encontremos con un coche que no sepamos exactamente qué es. Desgraciadamente, no hubo oportunidad de hacer una sesión fotográfica extensa, pero no quisimos ocultarte esta toma rápida por su exclusividad.
