{"version":"1.0","provider_name":"All cars news","provider_url":"https:\/\/all-car-news.com\/es\/","title":"\u00a1Holanda ya tiene 200.000 autocaravanas! - All cars news","type":"rich","width":600,"height":338,"html":"<blockquote class=\"wp-embedded-content\" data-secret=\"9XQhCcNV2o\"><a href=\"https:\/\/all-car-news.com\/es\/holanda-ya-tiene-200-000-autocaravanas\/\">\u00a1Holanda ya tiene 200.000 autocaravanas!<\/a><\/blockquote><iframe sandbox=\"allow-scripts\" security=\"restricted\" src=\"https:\/\/all-car-news.com\/es\/holanda-ya-tiene-200-000-autocaravanas\/embed\/#?secret=9XQhCcNV2o\" width=\"600\" height=\"338\" title=\"\u00ab\u00a1Holanda ya tiene 200.000 autocaravanas!\u00bb \u2014 All cars news\" data-secret=\"9XQhCcNV2o\" frameborder=\"0\" marginwidth=\"0\" marginheight=\"0\" scrolling=\"no\" class=\"wp-embedded-content\"><\/iframe><script type=\"text\/javascript\">\n\/* <![CDATA[ *\/\n\/*! This file is auto-generated *\/\n!function(d,l){\"use strict\";l.querySelector&&d.addEventListener&&\"undefined\"!=typeof URL&&(d.wp=d.wp||{},d.wp.receiveEmbedMessage||(d.wp.receiveEmbedMessage=function(e){var t=e.data;if((t||t.secret||t.message||t.value)&&!\/[^a-zA-Z0-9]\/.test(t.secret)){for(var s,r,n,a=l.querySelectorAll('iframe[data-secret=\"'+t.secret+'\"]'),o=l.querySelectorAll('blockquote[data-secret=\"'+t.secret+'\"]'),c=new RegExp(\"^https?:$\",\"i\"),i=0;i<o.length;i++)o[i].style.display=\"none\";for(i=0;i<a.length;i++)s=a[i],e.source===s.contentWindow&&(s.removeAttribute(\"style\"),\"height\"===t.message?(1e3<(r=parseInt(t.value,10))?r=1e3:~~r<200&&(r=200),s.height=r):\"link\"===t.message&&(r=new URL(s.getAttribute(\"src\")),n=new URL(t.value),c.test(n.protocol))&&n.host===r.host&&l.activeElement===s&&(d.top.location.href=t.value))}},d.addEventListener(\"message\",d.wp.receiveEmbedMessage,!1),l.addEventListener(\"DOMContentLoaded\",function(){for(var e,t,s=l.querySelectorAll(\"iframe.wp-embedded-content\"),r=0;r<s.length;r++)(t=(e=s[r]).getAttribute(\"data-secret\"))||(t=Math.random().toString(36).substring(2,12),e.src+=\"#?secret=\"+t,e.setAttribute(\"data-secret\",t)),e.contentWindow.postMessage({message:\"ready\",secret:t},\"*\")},!1)))}(window,document);\n\/\/# sourceURL=https:\/\/all-car-news.com\/wp-includes\/js\/wp-embed.min.js\n\/* ]]> *\/\n<\/script>\n","thumbnail_url":"https:\/\/all-car-news.com\/wp-content\/uploads\/2024\/11\/camper-nummer-200000-header-768x512.jpg","thumbnail_width":600,"thumbnail_height":400,"description":"Las cifras de autocaravanas de los \u00faltimos a\u00f1os En el verano de 2016 se contabiliz\u00f3 la autocaravana n\u00famero 100.000 y diez a\u00f1os antes (a finales de 2006) la n\u00famero 50.000. Con casi 33.500 unidades, la provincia de Brabante Septentrional fue la que m\u00e1s unidades matricul\u00f3 el 1 de noviembre de 2024, seguida de Gelderland con 28.000 unidades y Holanda Septentrional y Meridional con casi [...] cada una."}

Las cifras de autocaravanas de los últimos años En el verano de 2016 se contabilizó la autocaravana número 100.000 y diez años antes (a finales de 2006) la número 50.000. Con casi 33.500 unidades, la provincia de Brabante Septentrional fue la que más unidades matriculó el 1 de noviembre de 2024, seguida de Gelderland con 28.000 unidades y Holanda Septentrional y Meridional con casi [...] cada una.
