{"version":"1.0","provider_name":"All cars news","provider_url":"https:\/\/all-car-news.com\/es\/","title":"Ford Pa\u00edses Bajos celebra su centenario - All cars news","type":"rich","width":600,"height":338,"html":"<blockquote class=\"wp-embedded-content\" data-secret=\"SYGUPIXFI4\"><a href=\"https:\/\/all-car-news.com\/es\/ford-paises-bajos-celebra-su-centenario\/\">Ford Pa\u00edses Bajos celebra su centenario<\/a><\/blockquote><iframe sandbox=\"allow-scripts\" security=\"restricted\" src=\"https:\/\/all-car-news.com\/es\/ford-paises-bajos-celebra-su-centenario\/embed\/#?secret=SYGUPIXFI4\" width=\"600\" height=\"338\" title=\"\u00abFord Pa\u00edses Bajos celebra su centenario\u00bb \u2014 All cars news\" data-secret=\"SYGUPIXFI4\" frameborder=\"0\" marginwidth=\"0\" marginheight=\"0\" scrolling=\"no\" class=\"wp-embedded-content\"><\/iframe><script type=\"text\/javascript\">\n\/* <![CDATA[ *\/\n\/*! This file is auto-generated *\/\n!function(d,l){\"use strict\";l.querySelector&&d.addEventListener&&\"undefined\"!=typeof URL&&(d.wp=d.wp||{},d.wp.receiveEmbedMessage||(d.wp.receiveEmbedMessage=function(e){var t=e.data;if((t||t.secret||t.message||t.value)&&!\/[^a-zA-Z0-9]\/.test(t.secret)){for(var s,r,n,a=l.querySelectorAll('iframe[data-secret=\"'+t.secret+'\"]'),o=l.querySelectorAll('blockquote[data-secret=\"'+t.secret+'\"]'),c=new RegExp(\"^https?:$\",\"i\"),i=0;i<o.length;i++)o[i].style.display=\"none\";for(i=0;i<a.length;i++)s=a[i],e.source===s.contentWindow&&(s.removeAttribute(\"style\"),\"height\"===t.message?(1e3<(r=parseInt(t.value,10))?r=1e3:~~r<200&&(r=200),s.height=r):\"link\"===t.message&&(r=new URL(s.getAttribute(\"src\")),n=new URL(t.value),c.test(n.protocol))&&n.host===r.host&&l.activeElement===s&&(d.top.location.href=t.value))}},d.addEventListener(\"message\",d.wp.receiveEmbedMessage,!1),l.addEventListener(\"DOMContentLoaded\",function(){for(var e,t,s=l.querySelectorAll(\"iframe.wp-embedded-content\"),r=0;r<s.length;r++)(t=(e=s[r]).getAttribute(\"data-secret\"))||(t=Math.random().toString(36).substring(2,12),e.src+=\"#?secret=\"+t,e.setAttribute(\"data-secret\",t)),e.contentWindow.postMessage({message:\"ready\",secret:t},\"*\")},!1)))}(window,document);\n\/\/# sourceURL=https:\/\/all-car-news.com\/wp-includes\/js\/wp-embed.min.js\n\/* ]]> *\/\n<\/script>\n","thumbnail_url":"https:\/\/autorai.nl\/wp-content\/uploads\/2024\/03\/ford-100-jaar-nederland-foto7-1140x687.jpg","thumbnail_width":600,"thumbnail_height":400,"description":"Historia Ford en Holanda El 6 de marzo de 1924 se fund\u00f3 la Ford Motor Company de Holanda con un capital inicial de 100.000 FL y un equipo de 55 empleados. La oficina en la que Ford Pa\u00edses Bajos inici\u00f3 su andadura en 1924 estaba situada inicialmente en un hotel de Rotterdam. El flamante brazo de la mayor marca automovil\u00edstica del mundo en aquel momento, pretend\u00eda [...]"}

Ford Países Bajos celebra su centenario - All cars news

<blockquote class="wp-embedded-content" data-secret="SYGUPIXFI4"><a href="https://all-car-news.com/es/ford-paises-bajos-celebra-su-centenario/">Ford Países Bajos celebra su centenario</a></blockquote><iframe sandbox="allow-scripts" security="restricted" src="https://all-car-news.com/es/ford-paises-bajos-celebra-su-centenario/embed/#?secret=SYGUPIXFI4" width="600" height="338" title="«Ford Países Bajos celebra su centenario» — All cars news" data-secret="SYGUPIXFI4" frameborder="0" marginwidth="0" marginheight="0" scrolling="no" class="wp-embedded-content"></iframe><script type="text/javascript">
/* <![CDATA[ */
/*! This file is auto-generated */
!function(d,l){"use strict";l.querySelector&&d.addEventListener&&"undefined"!=typeof URL&&(d.wp=d.wp||{},d.wp.receiveEmbedMessage||(d.wp.receiveEmbedMessage=function(e){var t=e.data;if((t||t.secret||t.message||t.value)&&!/[^a-zA-Z0-9]/.test(t.secret)){for(var s,r,n,a=l.querySelectorAll('iframe[data-secret="'+t.secret+'"]'),o=l.querySelectorAll('blockquote[data-secret="'+t.secret+'"]'),c=new RegExp("^https?:$","i"),i=0;i<o.length;i++)o[i].style.display="none";for(i=0;i<a.length;i++)s=a[i],e.source===s.contentWindow&&(s.removeAttribute("style"),"height"===t.message?(1e3<(r=parseInt(t.value,10))?r=1e3:~~r<200&&(r=200),s.height=r):"link"===t.message&&(r=new URL(s.getAttribute("src")),n=new URL(t.value),c.test(n.protocol))&&n.host===r.host&&l.activeElement===s&&(d.top.location.href=t.value))}},d.addEventListener("message",d.wp.receiveEmbedMessage,!1),l.addEventListener("DOMContentLoaded",function(){for(var e,t,s=l.querySelectorAll("iframe.wp-embedded-content"),r=0;r<s.length;r++)(t=(e=s[r]).getAttribute("data-secret"))||(t=Math.random().toString(36).substring(2,12),e.src+="#?secret="+t,e.setAttribute("data-secret",t)),e.contentWindow.postMessage({message:"ready",secret:t},"*")},!1)))}(window,document);
//# sourceURL=https://all-car-news.com/wp-includes/js/wp-embed.min.js
/* ]]> */
</script>

Historia Ford en Holanda El 6 de marzo de 1924 se fundó la Ford Motor Company de Holanda con un capital inicial de 100.000 FL y un equipo de 55 empleados. La oficina en la que Ford Países Bajos inició su andadura en 1924 estaba situada inicialmente en un hotel de Rotterdam. El flamante brazo de la mayor marca automovilística del mundo en aquel momento, pretendía [...]
