{"version":"1.0","provider_name":"All cars news","provider_url":"https:\/\/all-car-news.com\/es\/","title":"\u00bfCu\u00e1ntos visitantes atrajo Motorbeurs Utrecht 2023? - All cars news","type":"rich","width":600,"height":338,"html":"<blockquote class=\"wp-embedded-content\" data-secret=\"wfd2r3JZXU\"><a href=\"https:\/\/all-car-news.com\/es\/cuantos-visitantes-atrajo-motorbeurs-utrecht-2023\/\">\u00bfCu\u00e1ntos visitantes atrajo Motorbeurs Utrecht 2023?<\/a><\/blockquote><iframe sandbox=\"allow-scripts\" security=\"restricted\" src=\"https:\/\/all-car-news.com\/es\/cuantos-visitantes-atrajo-motorbeurs-utrecht-2023\/embed\/#?secret=wfd2r3JZXU\" width=\"600\" height=\"338\" title=\"\u00ab\u00bfCu\u00e1ntos visitantes atrajo Motorbeurs Utrecht 2023?\u00bb \u2014 All cars news\" data-secret=\"wfd2r3JZXU\" frameborder=\"0\" marginwidth=\"0\" marginheight=\"0\" scrolling=\"no\" class=\"wp-embedded-content\"><\/iframe><script type=\"text\/javascript\">\n\/* <![CDATA[ *\/\n\/*! This file is auto-generated *\/\n!function(d,l){\"use strict\";l.querySelector&&d.addEventListener&&\"undefined\"!=typeof URL&&(d.wp=d.wp||{},d.wp.receiveEmbedMessage||(d.wp.receiveEmbedMessage=function(e){var t=e.data;if((t||t.secret||t.message||t.value)&&!\/[^a-zA-Z0-9]\/.test(t.secret)){for(var s,r,n,a=l.querySelectorAll('iframe[data-secret=\"'+t.secret+'\"]'),o=l.querySelectorAll('blockquote[data-secret=\"'+t.secret+'\"]'),c=new RegExp(\"^https?:$\",\"i\"),i=0;i<o.length;i++)o[i].style.display=\"none\";for(i=0;i<a.length;i++)s=a[i],e.source===s.contentWindow&&(s.removeAttribute(\"style\"),\"height\"===t.message?(1e3<(r=parseInt(t.value,10))?r=1e3:~~r<200&&(r=200),s.height=r):\"link\"===t.message&&(r=new URL(s.getAttribute(\"src\")),n=new URL(t.value),c.test(n.protocol))&&n.host===r.host&&l.activeElement===s&&(d.top.location.href=t.value))}},d.addEventListener(\"message\",d.wp.receiveEmbedMessage,!1),l.addEventListener(\"DOMContentLoaded\",function(){for(var e,t,s=l.querySelectorAll(\"iframe.wp-embedded-content\"),r=0;r<s.length;r++)(t=(e=s[r]).getAttribute(\"data-secret\"))||(t=Math.random().toString(36).substring(2,12),e.src+=\"#?secret=\"+t,e.setAttribute(\"data-secret\",t)),e.contentWindow.postMessage({message:\"ready\",secret:t},\"*\")},!1)))}(window,document);\n\/\/# sourceURL=https:\/\/all-car-news.com\/wp-includes\/js\/wp-embed.min.js\n\/* ]]> *\/\n<\/script>\n","thumbnail_url":"https:\/\/motorrai.nl\/wp-content\/uploads\/2023\/02\/P90382453_highRes_bmw-motorrad-motorbe-1140x760.jpg","thumbnail_width":600,"thumbnail_height":400,"description":"Rachel Jankowsky, directora de la feria MOTORbeurs Utrecht: \"En v\u00edsperas de la feria, ya se hab\u00eda batido un r\u00e9cord en preventa de entradas. Hemos observado un entusiasmo sin precedentes por visitar la feria. Las cifras de crecimiento marcan el entusiasmo por el motociclismo. As\u00ed lo revela tambi\u00e9n un reciente estudio de BOVAG publicado la semana pasada. Tenemos [...]"}

¿Cuántos visitantes atrajo Motorbeurs Utrecht 2023? - All cars news

<blockquote class="wp-embedded-content" data-secret="wfd2r3JZXU"><a href="https://all-car-news.com/es/cuantos-visitantes-atrajo-motorbeurs-utrecht-2023/">¿Cuántos visitantes atrajo Motorbeurs Utrecht 2023?</a></blockquote><iframe sandbox="allow-scripts" security="restricted" src="https://all-car-news.com/es/cuantos-visitantes-atrajo-motorbeurs-utrecht-2023/embed/#?secret=wfd2r3JZXU" width="600" height="338" title="«¿Cuántos visitantes atrajo Motorbeurs Utrecht 2023?» — All cars news" data-secret="wfd2r3JZXU" frameborder="0" marginwidth="0" marginheight="0" scrolling="no" class="wp-embedded-content"></iframe><script type="text/javascript">
/* <![CDATA[ */
/*! This file is auto-generated */
!function(d,l){"use strict";l.querySelector&&d.addEventListener&&"undefined"!=typeof URL&&(d.wp=d.wp||{},d.wp.receiveEmbedMessage||(d.wp.receiveEmbedMessage=function(e){var t=e.data;if((t||t.secret||t.message||t.value)&&!/[^a-zA-Z0-9]/.test(t.secret)){for(var s,r,n,a=l.querySelectorAll('iframe[data-secret="'+t.secret+'"]'),o=l.querySelectorAll('blockquote[data-secret="'+t.secret+'"]'),c=new RegExp("^https?:$","i"),i=0;i<o.length;i++)o[i].style.display="none";for(i=0;i<a.length;i++)s=a[i],e.source===s.contentWindow&&(s.removeAttribute("style"),"height"===t.message?(1e3<(r=parseInt(t.value,10))?r=1e3:~~r<200&&(r=200),s.height=r):"link"===t.message&&(r=new URL(s.getAttribute("src")),n=new URL(t.value),c.test(n.protocol))&&n.host===r.host&&l.activeElement===s&&(d.top.location.href=t.value))}},d.addEventListener("message",d.wp.receiveEmbedMessage,!1),l.addEventListener("DOMContentLoaded",function(){for(var e,t,s=l.querySelectorAll("iframe.wp-embedded-content"),r=0;r<s.length;r++)(t=(e=s[r]).getAttribute("data-secret"))||(t=Math.random().toString(36).substring(2,12),e.src+="#?secret="+t,e.setAttribute("data-secret",t)),e.contentWindow.postMessage({message:"ready",secret:t},"*")},!1)))}(window,document);
//# sourceURL=https://all-car-news.com/wp-includes/js/wp-embed.min.js
/* ]]> */
</script>

Rachel Jankowsky, directora de la feria MOTORbeurs Utrecht: "En vísperas de la feria, ya se había batido un récord en preventa de entradas. Hemos observado un entusiasmo sin precedentes por visitar la feria. Las cifras de crecimiento marcan el entusiasmo por el motociclismo. Así lo revela también un reciente estudio de BOVAG publicado la semana pasada. Tenemos [...]
