{"version":"1.0","provider_name":"All cars news","provider_url":"https:\/\/all-car-news.com\/es\/","title":"BMW ha tenido un a\u00f1o excepcional - All cars news","type":"rich","width":600,"height":338,"html":"<blockquote class=\"wp-embedded-content\" data-secret=\"gxoffbHhKB\"><a href=\"https:\/\/all-car-news.com\/es\/bmw-ha-tenido-un-ano-excepcional\/\">BMW ha tenido un a\u00f1o excepcional<\/a><\/blockquote><iframe sandbox=\"allow-scripts\" security=\"restricted\" src=\"https:\/\/all-car-news.com\/es\/bmw-ha-tenido-un-ano-excepcional\/embed\/#?secret=gxoffbHhKB\" width=\"600\" height=\"338\" title=\"\u00abBMW ha tenido un a\u00f1o excepcional\u00bb \u2014 All cars news\" data-secret=\"gxoffbHhKB\" frameborder=\"0\" marginwidth=\"0\" marginheight=\"0\" scrolling=\"no\" class=\"wp-embedded-content\"><\/iframe><script type=\"text\/javascript\">\n\/* <![CDATA[ *\/\n\/*! This file is auto-generated *\/\n!function(d,l){\"use strict\";l.querySelector&&d.addEventListener&&\"undefined\"!=typeof URL&&(d.wp=d.wp||{},d.wp.receiveEmbedMessage||(d.wp.receiveEmbedMessage=function(e){var t=e.data;if((t||t.secret||t.message||t.value)&&!\/[^a-zA-Z0-9]\/.test(t.secret)){for(var s,r,n,a=l.querySelectorAll('iframe[data-secret=\"'+t.secret+'\"]'),o=l.querySelectorAll('blockquote[data-secret=\"'+t.secret+'\"]'),c=new RegExp(\"^https?:$\",\"i\"),i=0;i<o.length;i++)o[i].style.display=\"none\";for(i=0;i<a.length;i++)s=a[i],e.source===s.contentWindow&&(s.removeAttribute(\"style\"),\"height\"===t.message?(1e3<(r=parseInt(t.value,10))?r=1e3:~~r<200&&(r=200),s.height=r):\"link\"===t.message&&(r=new URL(s.getAttribute(\"src\")),n=new URL(t.value),c.test(n.protocol))&&n.host===r.host&&l.activeElement===s&&(d.top.location.href=t.value))}},d.addEventListener(\"message\",d.wp.receiveEmbedMessage,!1),l.addEventListener(\"DOMContentLoaded\",function(){for(var e,t,s=l.querySelectorAll(\"iframe.wp-embedded-content\"),r=0;r<s.length;r++)(t=(e=s[r]).getAttribute(\"data-secret\"))||(t=Math.random().toString(36).substring(2,12),e.src+=\"#?secret=\"+t,e.setAttribute(\"data-secret\",t)),e.contentWindow.postMessage({message:\"ready\",secret:t},\"*\")},!1)))}(window,document);\n\/\/# sourceURL=https:\/\/all-car-news.com\/wp-includes\/js\/wp-embed.min.js\n\/* ]]> *\/\n<\/script>\n","thumbnail_url":"https:\/\/autorai.nl\/wp-content\/uploads\/2023\/07\/BMW-i4-eDrive40-Frankrijk-Challenge-3-1140x641.jpg","thumbnail_width":600,"thumbnail_height":400,"description":"Coches el\u00e9ctricos El atractivo de la marca b\u00e1vara parece m\u00e1s fuerte que nunca. Nunca antes el Grupo BMW hab\u00eda vendido tantos coches como en 2023. No s\u00f3lo la propia BMW, sino tambi\u00e9n marcas como MINI y Rolls-Royce han tenido un buen a\u00f1o. De lo que tambi\u00e9n se alegrar\u00e1n en M\u00fanich es de que [...]"}

BMW ha tenido un año excepcional - All cars news

<blockquote class="wp-embedded-content" data-secret="gxoffbHhKB"><a href="https://all-car-news.com/es/bmw-ha-tenido-un-ano-excepcional/">BMW ha tenido un año excepcional</a></blockquote><iframe sandbox="allow-scripts" security="restricted" src="https://all-car-news.com/es/bmw-ha-tenido-un-ano-excepcional/embed/#?secret=gxoffbHhKB" width="600" height="338" title="«BMW ha tenido un año excepcional» — All cars news" data-secret="gxoffbHhKB" frameborder="0" marginwidth="0" marginheight="0" scrolling="no" class="wp-embedded-content"></iframe><script type="text/javascript">
/* <![CDATA[ */
/*! This file is auto-generated */
!function(d,l){"use strict";l.querySelector&&d.addEventListener&&"undefined"!=typeof URL&&(d.wp=d.wp||{},d.wp.receiveEmbedMessage||(d.wp.receiveEmbedMessage=function(e){var t=e.data;if((t||t.secret||t.message||t.value)&&!/[^a-zA-Z0-9]/.test(t.secret)){for(var s,r,n,a=l.querySelectorAll('iframe[data-secret="'+t.secret+'"]'),o=l.querySelectorAll('blockquote[data-secret="'+t.secret+'"]'),c=new RegExp("^https?:$","i"),i=0;i<o.length;i++)o[i].style.display="none";for(i=0;i<a.length;i++)s=a[i],e.source===s.contentWindow&&(s.removeAttribute("style"),"height"===t.message?(1e3<(r=parseInt(t.value,10))?r=1e3:~~r<200&&(r=200),s.height=r):"link"===t.message&&(r=new URL(s.getAttribute("src")),n=new URL(t.value),c.test(n.protocol))&&n.host===r.host&&l.activeElement===s&&(d.top.location.href=t.value))}},d.addEventListener("message",d.wp.receiveEmbedMessage,!1),l.addEventListener("DOMContentLoaded",function(){for(var e,t,s=l.querySelectorAll("iframe.wp-embedded-content"),r=0;r<s.length;r++)(t=(e=s[r]).getAttribute("data-secret"))||(t=Math.random().toString(36).substring(2,12),e.src+="#?secret="+t,e.setAttribute("data-secret",t)),e.contentWindow.postMessage({message:"ready",secret:t},"*")},!1)))}(window,document);
//# sourceURL=https://all-car-news.com/wp-includes/js/wp-embed.min.js
/* ]]> */
</script>

Coches eléctricos El atractivo de la marca bávara parece más fuerte que nunca. Nunca antes el Grupo BMW había vendido tantos coches como en 2023. No sólo la propia BMW, sino también marcas como MINI y Rolls-Royce han tenido un buen año. De lo que también se alegrarán en Múnich es de que [...]
