{"id":116641,"date":"2022-02-22T12:29:07","date_gmt":"2022-02-22T12:29:07","guid":{"rendered":"https:\/\/all-car-news.com\/car-finder\/bmw\/bmw-2-series-convertible\/"},"modified":"2022-02-23T09:03:23","modified_gmt":"2022-02-23T09:03:23","slug":"bmw-2-series-convertible","status":"publish","type":"page","link":"https:\/\/all-car-news.com\/en\/car-finder\/bmw\/bmw-2-series-convertible\/","title":{"rendered":"BMW 2 series convertible"},"content":{"rendered":"\n<p>As a result of a new model policy whereby coup\u00e9 and convertible versions are regarded as a class higher than the model on which they are based, the BMW 1 Series Coup\u00e9 and Convertible continued through life as a 2 Series from the new model in 2013.<\/p>\n\n<p>As a result of a new model policy whereby coup\u00e9 and convertible versions are regarded as a class higher than the model on which they are based, the BMW 1 Series Coup\u00e9 and Convertible continued through life as a 2 Series from the new model in 2013.<\/p>\n\n<h2 class=\"wp-block-heading\" id=\"van-driecilinder-tot-m2\"><br\/><strong>From three-cylinder to M2<\/strong><\/h2>\n\n<p>The engine range started with a 136 hp 1.5-litre three-cylinder engine, available only for petrol. After that, the engine range expands with four and six-cylinder engines for both petrol and diesel. The most powerful engine is currently the 374 hp in-line six of the M240i xDrive. Only the Coup\u00e9 is available as an M model.<br\/><\/p>\n\n<h2 class=\"wp-block-heading\" id=\"bmw-m2-competition\">BMW <strong>M2 Competition<\/strong><\/h2>\n\n<p>The M2 was replaced in 2018 by the M2 Competition version, as it were an updated version of the M2. The power of the six-in-line increased to 411 hp. The 0-100 sprint is now completed a tenth faster, in 4.4 to 4.2 seconds depending on the transmission. The second generation 2 Series came on the market in 2021. That is not yet available as a Convertible, a &#8216;thoroughbred&#8217; M-version will undoubtedly follow at a later moment. <strong>Gran Coupe<\/strong><br\/>In 2019, the model range of the 2 Series was expanded even further. In addition to the regular Coup\u00e9, the Gran Coup\u00e9 also appeared. As with the higher series, it is a four-door coup\u00e9. Or a sedan with a coupe-like roofline, whatever you want to call it. Incidentally, the 2 Series Gran Coup\u00e9 is closely related to the new 1 Series hatchback, where the regular 2 Series Coup\u00e9 and Cabrio (for the time being) are still based on the previous 1 Series and also have a completely individual appearance.more Bmw 2 Series convertible.<\/p>\n\n<h2 class=\"wp-block-heading\" id=\"technisch\">Technical<\/h2>\n\n<figure class=\"wp-block-table is-style-stripes\"><table class=\"has-fixed-layout\"><tbody><tr><td>Engine type<\/td><td>diesel, 4-cylinder line<\/td><\/tr><tr><td>Displacement<\/td><td>1,995 cm\u00b3<\/td><\/tr><tr><td>max. assets<\/td><td>110 kW (150 hp)<\/td><\/tr><tr><td>Bee<\/td><td>4,000 rpm<\/td><\/tr><tr><td>max. couple<\/td><td>320 Nm<\/td><\/tr><tr><td>Bee<\/td><td>1,500 rpm<\/td><\/tr><tr><td>Drive<\/td><td>rear wheels<\/td><\/tr><tr><td>Brakes from\/a<\/td><td>given disks\/discs<\/td><\/tr><tr><td>Turning circle<\/td><td>10.9 m<\/td><\/tr><tr><td>Power range<\/td><td>100 to 250 kW<\/td><\/tr><\/tbody><\/table><\/figure>\n\n<h2 class=\"wp-block-heading\" id=\"algemeen\">General<\/h2>\n\n<figure class=\"wp-block-table is-style-stripes\"><table class=\"has-fixed-layout\"><tbody><tr><td>Transmission<\/td><td>6MT (option 8AT)<\/td><\/tr><tr><td>Body type<\/td><td>2-drs. convertible<\/td><\/tr><tr><td>Euro NCAP<\/td><td>not tested<\/td><\/tr><tr><td>Market launch<\/td><td>February 2015<\/td><\/tr><tr><td>Latest facelift<\/td><td>N\/A<\/td><\/tr><tr><td>Guarantee<\/td><td>3 years<\/td><\/tr><tr><td>From price<\/td><td>\u20ac50,186<\/td><\/tr><tr><td>Particularities<\/td><td>The version with Steptronic is slightly cheaper than the version with manual transmission due to the lower emissions.<\/td><\/tr><\/tbody><\/table><\/figure>\n\n<h2 class=\"wp-block-heading\" id=\"afmetingen-gewichten\">Dimensions\/weights<\/h2>\n\n<figure class=\"wp-block-table is-style-stripes\"><table class=\"has-fixed-layout\"><tbody><tr><td>Tire size<\/td><td>205\/55 R16<\/td><\/tr><tr><td>L x W x H<\/td><td>4,432 x 1,774 x 1,413mm<\/td><\/tr><tr><td>Wheelbase<\/td><td>2,690 mm<\/td><\/tr><tr><td>Mass empty<\/td><td>1,600 kg<\/td><\/tr><tr><td>max. acc. wt.<\/td><td>1,500 kg<\/td><\/tr><tr><td>cont. bag. room.<\/td><td>280 l<\/td><\/tr><tr><td>Tank capacity<\/td><td>52 l<\/td><\/tr><\/tbody><\/table><\/figure>\n\n<h2 class=\"wp-block-heading\" id=\"verbruik\">Consumption<\/h2>\n\n<figure class=\"wp-block-table is-style-stripes\"><table class=\"has-fixed-layout\"><tbody><tr><td>conn. combined<\/td><td>4.3 l\/100 km<\/td><\/tr><tr><td>CO\u2082 emissions<\/td><td>114 g\/km<\/td><\/tr><tr><td>Energy label<\/td><td>f<\/td><\/tr><\/tbody><\/table><\/figure>\n\n<h2 class=\"wp-block-heading\" id=\"prestaties\">Performance<\/h2>\n\n<figure class=\"wp-block-table is-style-stripes\"><table class=\"has-fixed-layout\"><tbody><tr><td>Acc. 0-100 km\/h<\/td><td>8.9 sec<\/td><\/tr><tr><td>top speed<\/td><td>208 km\/h<\/td><\/tr><\/tbody><\/table><\/figure>\n","protected":false},"excerpt":{"rendered":"<p>As a result of a new model policy whereby coup\u00e9 and convertible versions are regarded as a class higher than [&hellip;]<\/p>\n","protected":false},"author":4,"featured_media":116620,"parent":116515,"menu_order":0,"comment_status":"closed","ping_status":"closed","template":"","meta":{"footnotes":""},"class_list":["post-116641","page","type-page","status-publish","has-post-thumbnail","hentry"],"acf":[],"yoast_head":"<!-- This site is optimized with the Yoast SEO plugin v21.2 - https:\/\/yoast.com\/wordpress\/plugins\/seo\/ -->\n<title>BMW 2 series convertible - All cars news<\/title>\n<meta name=\"robots\" content=\"index, follow, max-snippet:-1, max-image-preview:large, max-video-preview:-1\" \/>\n<link rel=\"canonical\" href=\"https:\/\/all-car-news.com\/en\/car-finder\/bmw\/bmw-2-series-convertible\/\" \/>\n<meta property=\"og:locale\" content=\"en_US\" \/>\n<meta property=\"og:type\" content=\"article\" \/>\n<meta property=\"og:title\" content=\"BMW 2 series convertible - All cars news\" \/>\n<meta property=\"og:description\" content=\"As a result of a new model policy whereby coup\u00e9 and convertible versions are regarded as a class higher than [&hellip;]\" \/>\n<meta property=\"og:url\" content=\"https:\/\/all-car-news.com\/en\/car-finder\/bmw\/bmw-2-series-convertible\/\" \/>\n<meta property=\"og:site_name\" content=\"All cars news\" \/>\n<meta property=\"article:modified_time\" content=\"2022-02-23T09:03:23+00:00\" \/>\n<meta property=\"og:image\" content=\"https:\/\/all-car-news.com\/wp-content\/uploads\/2022\/02\/BMW-2-Series-Convertible-1-2.jpg\" \/>\n\t<meta property=\"og:image:width\" content=\"1280\" \/>\n\t<meta property=\"og:image:height\" content=\"926\" \/>\n\t<meta property=\"og:image:type\" content=\"image\/jpeg\" \/>\n<meta name=\"twitter:card\" content=\"summary_large_image\" \/>\n<meta name=\"twitter:label1\" content=\"Est. reading time\" \/>\n\t<meta name=\"twitter:data1\" content=\"2 minutes\" \/>\n<script type=\"application\/ld+json\" class=\"yoast-schema-graph\">{\"@context\":\"https:\/\/schema.org\",\"@graph\":[{\"@type\":\"WebPage\",\"@id\":\"https:\/\/all-car-news.com\/en\/car-finder\/bmw\/bmw-2-series-convertible\/\",\"url\":\"https:\/\/all-car-news.com\/en\/car-finder\/bmw\/bmw-2-series-convertible\/\",\"name\":\"BMW 2 series convertible - All cars news\",\"isPartOf\":{\"@id\":\"https:\/\/all-car-news.com\/en\/#website\"},\"datePublished\":\"2022-02-22T12:29:07+00:00\",\"dateModified\":\"2022-02-23T09:03:23+00:00\",\"breadcrumb\":{\"@id\":\"https:\/\/all-car-news.com\/en\/car-finder\/bmw\/bmw-2-series-convertible\/#breadcrumb\"},\"inLanguage\":\"en-US\",\"potentialAction\":[{\"@type\":\"ReadAction\",\"target\":[\"https:\/\/all-car-news.com\/en\/car-finder\/bmw\/bmw-2-series-convertible\/\"]}]},{\"@type\":\"BreadcrumbList\",\"@id\":\"https:\/\/all-car-news.com\/en\/car-finder\/bmw\/bmw-2-series-convertible\/#breadcrumb\",\"itemListElement\":[{\"@type\":\"ListItem\",\"position\":1,\"name\":\"Home\",\"item\":\"https:\/\/all-car-news.com\/en\/\"},{\"@type\":\"ListItem\",\"position\":2,\"name\":\"car finder\",\"item\":\"https:\/\/all-car-news.com\/en\/car-finder\/\"},{\"@type\":\"ListItem\",\"position\":3,\"name\":\"BMW\",\"item\":\"https:\/\/all-car-news.com\/en\/car-finder\/bmw\/\"},{\"@type\":\"ListItem\",\"position\":4,\"name\":\"BMW 2 series convertible\"}]},{\"@type\":\"WebSite\",\"@id\":\"https:\/\/all-car-news.com\/en\/#website\",\"url\":\"https:\/\/all-car-news.com\/en\/\",\"name\":\"All cars news\",\"description\":\"\",\"publisher\":{\"@id\":\"https:\/\/all-car-news.com\/en\/#organization\"},\"potentialAction\":[{\"@type\":\"SearchAction\",\"target\":{\"@type\":\"EntryPoint\",\"urlTemplate\":\"https:\/\/all-car-news.com\/en\/?s={search_term_string}\"},\"query-input\":\"required name=search_term_string\"}],\"inLanguage\":\"en-US\"},{\"@type\":\"Organization\",\"@id\":\"https:\/\/all-car-news.com\/en\/#organization\",\"name\":\"All cars news\",\"url\":\"https:\/\/all-car-news.com\/en\/\",\"logo\":{\"@type\":\"ImageObject\",\"inLanguage\":\"en-US\",\"@id\":\"https:\/\/all-car-news.com\/en\/#\/schema\/logo\/image\/\",\"url\":\"https:\/\/all-car-news.com\/wp-content\/uploads\/2022\/02\/CMYK-AllCarNews_LANDSCAPE_300px-1.png\",\"contentUrl\":\"https:\/\/all-car-news.com\/wp-content\/uploads\/2022\/02\/CMYK-AllCarNews_LANDSCAPE_300px-1.png\",\"width\":300,\"height\":100,\"caption\":\"All cars news\"},\"image\":{\"@id\":\"https:\/\/all-car-news.com\/en\/#\/schema\/logo\/image\/\"}}]}<\/script>\n<!-- \/ Yoast SEO plugin. -->","yoast_head_json":{"title":"BMW 2 series convertible - All cars news","robots":{"index":"index","follow":"follow","max-snippet":"max-snippet:-1","max-image-preview":"max-image-preview:large","max-video-preview":"max-video-preview:-1"},"canonical":"https:\/\/all-car-news.com\/en\/car-finder\/bmw\/bmw-2-series-convertible\/","og_locale":"en_US","og_type":"article","og_title":"BMW 2 series convertible - All cars news","og_description":"As a result of a new model policy whereby coup\u00e9 and convertible versions are regarded as a class higher than [&hellip;]","og_url":"https:\/\/all-car-news.com\/en\/car-finder\/bmw\/bmw-2-series-convertible\/","og_site_name":"All cars news","article_modified_time":"2022-02-23T09:03:23+00:00","og_image":[{"width":1280,"height":926,"url":"https:\/\/all-car-news.com\/wp-content\/uploads\/2022\/02\/BMW-2-Series-Convertible-1-2.jpg","type":"image\/jpeg"}],"twitter_card":"summary_large_image","twitter_misc":{"Est. reading time":"2 minutes"},"schema":{"@context":"https:\/\/schema.org","@graph":[{"@type":"WebPage","@id":"https:\/\/all-car-news.com\/en\/car-finder\/bmw\/bmw-2-series-convertible\/","url":"https:\/\/all-car-news.com\/en\/car-finder\/bmw\/bmw-2-series-convertible\/","name":"BMW 2 series convertible - All cars news","isPartOf":{"@id":"https:\/\/all-car-news.com\/en\/#website"},"datePublished":"2022-02-22T12:29:07+00:00","dateModified":"2022-02-23T09:03:23+00:00","breadcrumb":{"@id":"https:\/\/all-car-news.com\/en\/car-finder\/bmw\/bmw-2-series-convertible\/#breadcrumb"},"inLanguage":"en-US","potentialAction":[{"@type":"ReadAction","target":["https:\/\/all-car-news.com\/en\/car-finder\/bmw\/bmw-2-series-convertible\/"]}]},{"@type":"BreadcrumbList","@id":"https:\/\/all-car-news.com\/en\/car-finder\/bmw\/bmw-2-series-convertible\/#breadcrumb","itemListElement":[{"@type":"ListItem","position":1,"name":"Home","item":"https:\/\/all-car-news.com\/en\/"},{"@type":"ListItem","position":2,"name":"car finder","item":"https:\/\/all-car-news.com\/en\/car-finder\/"},{"@type":"ListItem","position":3,"name":"BMW","item":"https:\/\/all-car-news.com\/en\/car-finder\/bmw\/"},{"@type":"ListItem","position":4,"name":"BMW 2 series convertible"}]},{"@type":"WebSite","@id":"https:\/\/all-car-news.com\/en\/#website","url":"https:\/\/all-car-news.com\/en\/","name":"All cars news","description":"","publisher":{"@id":"https:\/\/all-car-news.com\/en\/#organization"},"potentialAction":[{"@type":"SearchAction","target":{"@type":"EntryPoint","urlTemplate":"https:\/\/all-car-news.com\/en\/?s={search_term_string}"},"query-input":"required name=search_term_string"}],"inLanguage":"en-US"},{"@type":"Organization","@id":"https:\/\/all-car-news.com\/en\/#organization","name":"All cars news","url":"https:\/\/all-car-news.com\/en\/","logo":{"@type":"ImageObject","inLanguage":"en-US","@id":"https:\/\/all-car-news.com\/en\/#\/schema\/logo\/image\/","url":"https:\/\/all-car-news.com\/wp-content\/uploads\/2022\/02\/CMYK-AllCarNews_LANDSCAPE_300px-1.png","contentUrl":"https:\/\/all-car-news.com\/wp-content\/uploads\/2022\/02\/CMYK-AllCarNews_LANDSCAPE_300px-1.png","width":300,"height":100,"caption":"All cars news"},"image":{"@id":"https:\/\/all-car-news.com\/en\/#\/schema\/logo\/image\/"}}]}},"_links":{"self":[{"href":"https:\/\/all-car-news.com\/en\/wp-json\/wp\/v2\/pages\/116641","targetHints":{"allow":["GET"]}}],"collection":[{"href":"https:\/\/all-car-news.com\/en\/wp-json\/wp\/v2\/pages"}],"about":[{"href":"https:\/\/all-car-news.com\/en\/wp-json\/wp\/v2\/types\/page"}],"author":[{"embeddable":true,"href":"https:\/\/all-car-news.com\/en\/wp-json\/wp\/v2\/users\/4"}],"replies":[{"embeddable":true,"href":"https:\/\/all-car-news.com\/en\/wp-json\/wp\/v2\/comments?post=116641"}],"version-history":[{"count":0,"href":"https:\/\/all-car-news.com\/en\/wp-json\/wp\/v2\/pages\/116641\/revisions"}],"up":[{"embeddable":true,"href":"https:\/\/all-car-news.com\/en\/wp-json\/wp\/v2\/pages\/116515"}],"wp:featuredmedia":[{"embeddable":true,"href":"https:\/\/all-car-news.com\/en\/wp-json\/wp\/v2\/media\/116620"}],"wp:attachment":[{"href":"https:\/\/all-car-news.com\/en\/wp-json\/wp\/v2\/media?parent=116641"}],"curies":[{"name":"wp","href":"https:\/\/api.w.org\/{rel}","templated":true}]}}

<p>As a result of a new model policy whereby coupé and convertible versions are regarded as a class higher than the model on which they are based, the BMW 1 Series Coupé and Convertible continued through life as a 2 Series from the new model in 2013.</p>

<p>As a result of a new model policy whereby coupé and convertible versions are regarded as a class higher than the model on which they are based, the BMW 1 Series Coupé and Convertible continued through life as a 2 Series from the new model in 2013.</p>

<h2 class="wp-block-heading" id="van-driecilinder-tot-m2"><br/><strong>From three-cylinder to M2</strong></h2>

<p>The engine range started with a 136 hp 1.5-litre three-cylinder engine, available only for petrol. After that, the engine range expands with four and six-cylinder engines for both petrol and diesel. The most powerful engine is currently the 374 hp in-line six of the M240i xDrive. Only the Coupé is available as an M model.<br/></p>

<h2 class="wp-block-heading" id="bmw-m2-competition">BMW <strong>M2 Competition</strong></h2>

<p>The M2 was replaced in 2018 by the M2 Competition version, as it were an updated version of the M2. The power of the six-in-line increased to 411 hp. The 0-100 sprint is now completed a tenth faster, in 4.4 to 4.2 seconds depending on the transmission. The second generation 2 Series came on the market in 2021. That is not yet available as a Convertible, a &#8216;thoroughbred&#8217; M-version will undoubtedly follow at a later moment. <strong>Gran Coupe</strong><br/>In 2019, the model range of the 2 Series was expanded even further. In addition to the regular Coupé, the Gran Coupé also appeared. As with the higher series, it is a four-door coupé. Or a sedan with a coupe-like roofline, whatever you want to call it. Incidentally, the 2 Series Gran Coupé is closely related to the new 1 Series hatchback, where the regular 2 Series Coupé and Cabrio (for the time being) are still based on the previous 1 Series and also have a completely individual appearance.more Bmw 2 Series convertible.</p>

<h2 class="wp-block-heading" id="technisch">Technical</h2>

<figure class="wp-block-table is-style-stripes"><table class="has-fixed-layout"><tbody><tr><td>Engine type</td><td>diesel, 4-cylinder line</td></tr><tr><td>Displacement</td><td>1,995 cm³</td></tr><tr><td>max. assets</td><td>110 kW (150 hp)</td></tr><tr><td>Bee</td><td>4,000 rpm</td></tr><tr><td>max. couple</td><td>320 Nm</td></tr><tr><td>Bee</td><td>1,500 rpm</td></tr><tr><td>Drive</td><td>rear wheels</td></tr><tr><td>Brakes from/a</td><td>given disks/discs</td></tr><tr><td>Turning circle</td><td>10.9 m</td></tr><tr><td>Power range</td><td>100 to 250 kW</td></tr></tbody></table></figure>

<h2 class="wp-block-heading" id="algemeen">General</h2>

<figure class="wp-block-table is-style-stripes"><table class="has-fixed-layout"><tbody><tr><td>Transmission</td><td>6MT (option 8AT)</td></tr><tr><td>Body type</td><td>2-drs. convertible</td></tr><tr><td>Euro NCAP</td><td>not tested</td></tr><tr><td>Market launch</td><td>February 2015</td></tr><tr><td>Latest facelift</td><td>N/A</td></tr><tr><td>Guarantee</td><td>3 years</td></tr><tr><td>From price</td><td>€50,186</td></tr><tr><td>Particularities</td><td>The version with Steptronic is slightly cheaper than the version with manual transmission due to the lower emissions.</td></tr></tbody></table></figure>

<h2 class="wp-block-heading" id="afmetingen-gewichten">Dimensions/weights</h2>

<figure class="wp-block-table is-style-stripes"><table class="has-fixed-layout"><tbody><tr><td>Tire size</td><td>205/55 R16</td></tr><tr><td>L x W x H</td><td>4,432 x 1,774 x 1,413mm</td></tr><tr><td>Wheelbase</td><td>2,690 mm</td></tr><tr><td>Mass empty</td><td>1,600 kg</td></tr><tr><td>max. acc. wt.</td><td>1,500 kg</td></tr><tr><td>cont. bag. room.</td><td>280 l</td></tr><tr><td>Tank capacity</td><td>52 l</td></tr></tbody></table></figure>

<h2 class="wp-block-heading" id="verbruik">Consumption</h2>

<figure class="wp-block-table is-style-stripes"><table class="has-fixed-layout"><tbody><tr><td>conn. combined</td><td>4.3 l/100 km</td></tr><tr><td>CO₂ emissions</td><td>114 g/km</td></tr><tr><td>Energy label</td><td>f</td></tr></tbody></table></figure>

<h2 class="wp-block-heading" id="prestaties">Performance</h2>

<figure class="wp-block-table is-style-stripes"><table class="has-fixed-layout"><tbody><tr><td>Acc. 0-100 km/h</td><td>8.9 sec</td></tr><tr><td>top speed</td><td>208 km/h</td></tr></tbody></table></figure>

<p>As a result of a new model policy whereby coupé and convertible versions are regarded as a class higher than [&hellip;]</p>

<!-- This site is optimized with the Yoast SEO plugin v21.2 - https://yoast.com/wordpress/plugins/seo/ -->
<title>BMW 2 series convertible - All cars news</title>
<meta name="robots" content="index, follow, max-snippet:-1, max-image-preview:large, max-video-preview:-1" />
<link rel="canonical" href="https://all-car-news.com/en/car-finder/bmw/bmw-2-series-convertible/" />
<meta property="og:locale" content="en_US" />
<meta property="og:type" content="article" />
<meta property="og:title" content="BMW 2 series convertible - All cars news" />
<meta property="og:description" content="As a result of a new model policy whereby coupé and convertible versions are regarded as a class higher than [&hellip;]" />
<meta property="og:url" content="https://all-car-news.com/en/car-finder/bmw/bmw-2-series-convertible/" />
<meta property="og:site_name" content="All cars news" />
<meta property="article:modified_time" content="2022-02-23T09:03:23+00:00" />
<meta property="og:image" content="https://all-car-news.com/wp-content/uploads/2022/02/BMW-2-Series-Convertible-1-2.jpg" />
	<meta property="og:image:width" content="1280" />
	<meta property="og:image:height" content="926" />
	<meta property="og:image:type" content="image/jpeg" />
<meta name="twitter:card" content="summary_large_image" />
<meta name="twitter:label1" content="Est. reading time" />
	<meta name="twitter:data1" content="2 minutes" />
<script type="application/ld+json" class="yoast-schema-graph">{"@context":"https://schema.org","@graph":[{"@type":"WebPage","@id":"https://all-car-news.com/en/car-finder/bmw/bmw-2-series-convertible/","url":"https://all-car-news.com/en/car-finder/bmw/bmw-2-series-convertible/","name":"BMW 2 series convertible - All cars news","isPartOf":{"@id":"https://all-car-news.com/en/#website"},"datePublished":"2022-02-22T12:29:07+00:00","dateModified":"2022-02-23T09:03:23+00:00","breadcrumb":{"@id":"https://all-car-news.com/en/car-finder/bmw/bmw-2-series-convertible/#breadcrumb"},"inLanguage":"en-US","potentialAction":[{"@type":"ReadAction","target":["https://all-car-news.com/en/car-finder/bmw/bmw-2-series-convertible/"]}]},{"@type":"BreadcrumbList","@id":"https://all-car-news.com/en/car-finder/bmw/bmw-2-series-convertible/#breadcrumb","itemListElement":[{"@type":"ListItem","position":1,"name":"Home","item":"https://all-car-news.com/en/"},{"@type":"ListItem","position":2,"name":"car finder","item":"https://all-car-news.com/en/car-finder/"},{"@type":"ListItem","position":3,"name":"BMW","item":"https://all-car-news.com/en/car-finder/bmw/"},{"@type":"ListItem","position":4,"name":"BMW 2 series convertible"}]},{"@type":"WebSite","@id":"https://all-car-news.com/en/#website","url":"https://all-car-news.com/en/","name":"All cars news","description":"","publisher":{"@id":"https://all-car-news.com/en/#organization"},"potentialAction":[{"@type":"SearchAction","target":{"@type":"EntryPoint","urlTemplate":"https://all-car-news.com/en/?s={search_term_string}"},"query-input":"required name=search_term_string"}],"inLanguage":"en-US"},{"@type":"Organization","@id":"https://all-car-news.com/en/#organization","name":"All cars news","url":"https://all-car-news.com/en/","logo":{"@type":"ImageObject","inLanguage":"en-US","@id":"https://all-car-news.com/en/#/schema/logo/image/","url":"https://all-car-news.com/wp-content/uploads/2022/02/CMYK-AllCarNews_LANDSCAPE_300px-1.png","contentUrl":"https://all-car-news.com/wp-content/uploads/2022/02/CMYK-AllCarNews_LANDSCAPE_300px-1.png","width":300,"height":100,"caption":"All cars news"},"image":{"@id":"https://all-car-news.com/en/#/schema/logo/image/"}}]}</script>
<!-- / Yoast SEO plugin. -->

As a result of a new model policy whereby coupé and convertible versions are regarded as a class higher than [&hellip;]
