{"id":118190,"date":"2022-03-09T09:06:46","date_gmt":"2022-03-09T09:06:46","guid":{"rendered":"https:\/\/all-car-news.com\/autofinder\/volkswagen\/kia-seele\/"},"modified":"2022-03-09T09:07:09","modified_gmt":"2022-03-09T09:07:09","slug":"kia-seele","status":"publish","type":"page","link":"https:\/\/all-car-news.com\/de\/autofinder\/volkswagen\/kia-seele\/","title":{"rendered":"Kia Seele"},"content":{"rendered":"\n<p>Der Kia Soul ist ein Modell aus der amerikanischen Sparte der Marke. Die Geschichte des Modells ist bemerkenswert. Designer Torpey dachte \u00fcber einen neuen Autotyp nach und kam als Ergebnis einer Dokumentation auf die Idee eines Ebers mit Rucksack. Das Ergebnis war eine karikaturartige Skizze davon und die St\u00e4rke und Kraft, die dieses Schwein ausstrahlte, war das Bild, das das Auto hervorrufen sollte. Nat\u00fcrlich.<\/p>\n\n<p>Der Kia Soul ist ein Modell aus der amerikanischen Sparte der Marke. Die Geschichte des Modells ist bemerkenswert. Designer Torpey dachte \u00fcber einen neuen Autotyp nach und kam als Ergebnis einer Dokumentation auf die Idee eines Ebers mit Rucksack. Das Ergebnis war eine karikaturartige Skizze davon und die St\u00e4rke und Kraft, die dieses Schwein ausstrahlte, war das Bild, das das Auto hervorrufen sollte. Nat\u00fcrlich.<\/p>\n\n<h2 class=\"wp-block-heading\"><strong>Einfach starten\u2026<\/strong><br\/><\/h2>\n\n<p>Das Ergebnis war der markante Kia Soul der ersten Generation, der 2009 vorgestellt wurde. Als Reaktion auf Kritik wurde nach nur einem Jahr ein Update des Innenraums und der Fahreigenschaften des Autos vorgenommen. Nach diesem wackeligen Start gelang es dem Soul jedoch, vor allem auf dem amerikanischen \u201eHeimatmarkt\u201c gute Verkaufszahlen zu erzielen.<\/p>\n\n<h2 class=\"wp-block-heading\"><strong>Neu und elektrisch<\/strong><br\/><\/h2>\n\n<p>Die zweite Generation kam 2013 auf den Markt. Dieses Modell hat sowohl in Qualit\u00e4t als auch in Design einen gro\u00dfen Schritt nach vorne gemacht. Neu seit 2014 ist eine vollelektrisch angetriebene Version des Soul. Seitdem ist es auch das einzige Modell des Soul, das in den Niederlanden ausgeliefert wird. Ende 2018 wurde die dritte Generation Soul vorgestellt, die Ende 2019 auf den Markt kam. Ohne die charakteristische Originalform des Autos zu beeintr\u00e4chtigen, steht wieder ein frisches Modell bereit. Nat\u00fcrlich gibt es auch eine vollelektrische Variante des Neuen. Sein Name \u00e4ndert sich von Soul EV zu e-Soul. Unter dem Namen e-Soul Cargo gibt es auch eine Bestellversion f\u00fcr ein graues Nummernschild.<\/p>\n\n<h2 class=\"wp-block-heading\">Technisch<\/h2>\n\n<figure class=\"wp-block-table is-style-stripes\"><table class=\"has-fixed-layout\"><tbody><tr><td>Motortyp<\/td><td>elektrisch<\/td><\/tr><tr><td>Batterie<\/td><td>Lithium-Ionen<\/td><\/tr><tr><td>Kapazit\u00e4t<\/td><td>64kWh<\/td><\/tr><tr><td>Fahrt<\/td><td>Vorderreifen<\/td><\/tr><tr><td>Bremsen von\/a<\/td><td>gegeben Datentr\u00e4ger\/Scheiben<\/td><\/tr><tr><td>Wendekreis<\/td><td>10,6 m<\/td><\/tr><tr><td>Bereich<\/td><td>276km<\/td><\/tr><tr><td>Ladezeit bei 220V<\/td><td>4:10 Uhr<\/td><\/tr><tr><td>Leistungsbereich<\/td><td>100 bis 150 kW<\/td><\/tr><\/tbody><\/table><\/figure>\n\n<h2 class=\"wp-block-heading\">Leistung<\/h2>\n\n<figure class=\"wp-block-table is-style-stripes\"><table class=\"has-fixed-layout\"><tbody><tr><td>Systemleistung<\/td><td>100 kW (136 PS)<\/td><\/tr><tr><td>Systempaar<\/td><td>395Nm<\/td><\/tr><tr><td>gem. 0-100 km\/h<\/td><td>9,9 Sek<\/td><\/tr><tr><td>H\u00f6chstgeschwindigkeit<\/td><td>157 km\/h<\/td><\/tr><\/tbody><\/table><\/figure>\n\n<h2 class=\"wp-block-heading\">Allgemein<\/h2>\n\n<figure class=\"wp-block-table is-style-stripes\"><table class=\"has-fixed-layout\"><tbody><tr><td>\u00dcbertragung<\/td><td>fester Gang<\/td><\/tr><tr><td>K\u00f6rpertyp<\/td><td>5-tlg. Schr\u00e4gheck<\/td><\/tr><tr><td>Euro NCAP<\/td><td>nicht getestet<\/td><\/tr><tr><td>Markteinf\u00fchrung<\/td><td>November 2019<\/td><\/tr><tr><td>Neustes Facelift<\/td><td>N \/ A<\/td><\/tr><tr><td>Garantie<\/td><td>7 Jahre<\/td><\/tr><tr><td>Vom Preis<\/td><td>33.995 \u20ac<\/td><\/tr><tr><td>Besonderheiten<\/td><td>In den Niederlanden ist der Kia Soul nur mit Elektroantrieb erh\u00e4ltlich.<\/td><\/tr><\/tbody><\/table><\/figure>\n\n<h2 class=\"wp-block-heading\">Ma\u00dfe\/Gewichte<\/h2>\n\n<figure class=\"wp-block-table is-style-stripes\"><table class=\"has-fixed-layout\"><tbody><tr><td>Reifengr\u00f6\u00dfe<\/td><td>215\/55 R17<\/td><\/tr><tr><td>L x B x H<\/td><td>4.195 x 1.800 x 1.605 mm<\/td><\/tr><tr><td>Radstand<\/td><td>2.600 mm<\/td><\/tr><tr><td>Masse leer<\/td><td>1.510 kg<\/td><\/tr><tr><td>max. gem. Gew.<\/td><td>n\/a kg<\/td><\/tr><tr><td>Forts. Tasche. Zimmer.<\/td><td>315 l<\/td><\/tr><\/tbody><\/table><\/figure>\n\n<h2 class=\"wp-block-heading\">Verbrauch<\/h2>\n\n<figure class=\"wp-block-table is-style-stripes\"><table class=\"has-fixed-layout\"><tbody><tr><td>Energielabel<\/td><td>ein<\/td><\/tr><\/tbody><\/table><\/figure>\n","protected":false},"excerpt":{"rendered":"<p>Der Kia Soul ist ein Modell aus der amerikanischen Sparte der Marke. Die Geschichte des Modells ist bemerkenswert. Designer Torpey [&hellip;]<\/p>\n","protected":false},"author":4,"featured_media":118129,"parent":117700,"menu_order":0,"comment_status":"closed","ping_status":"closed","template":"","meta":{"footnotes":""},"class_list":["post-118190","page","type-page","status-publish","has-post-thumbnail","hentry"],"acf":[],"yoast_head":"<!-- This site is optimized with the Yoast SEO plugin v21.2 - https:\/\/yoast.com\/wordpress\/plugins\/seo\/ -->\n<title>Kia Seele - All cars news<\/title>\n<meta name=\"robots\" content=\"index, follow, max-snippet:-1, max-image-preview:large, max-video-preview:-1\" \/>\n<link rel=\"canonical\" href=\"https:\/\/all-car-news.com\/de\/autofinder\/volkswagen\/kia-seele\/\" \/>\n<meta property=\"og:locale\" content=\"de_DE\" \/>\n<meta property=\"og:type\" content=\"article\" \/>\n<meta property=\"og:title\" content=\"Kia Seele - All cars news\" \/>\n<meta property=\"og:description\" content=\"Der Kia Soul ist ein Modell aus der amerikanischen Sparte der Marke. Die Geschichte des Modells ist bemerkenswert. Designer Torpey [&hellip;]\" \/>\n<meta property=\"og:url\" content=\"https:\/\/all-car-news.com\/de\/autofinder\/volkswagen\/kia-seele\/\" \/>\n<meta property=\"og:site_name\" content=\"All cars news\" \/>\n<meta property=\"article:modified_time\" content=\"2022-03-09T09:07:09+00:00\" \/>\n<meta property=\"og:image\" content=\"https:\/\/all-car-news.com\/wp-content\/uploads\/2022\/03\/Kia-Soul-EV-1.jpg\" \/>\n\t<meta property=\"og:image:width\" content=\"1279\" \/>\n\t<meta property=\"og:image:height\" content=\"925\" \/>\n\t<meta property=\"og:image:type\" content=\"image\/jpeg\" \/>\n<meta name=\"twitter:card\" content=\"summary_large_image\" \/>\n<meta name=\"twitter:label1\" content=\"Gesch\u00e4tzte Lesezeit\" \/>\n\t<meta name=\"twitter:data1\" content=\"2\u00a0Minuten\" \/>\n<script type=\"application\/ld+json\" class=\"yoast-schema-graph\">{\"@context\":\"https:\/\/schema.org\",\"@graph\":[{\"@type\":\"WebPage\",\"@id\":\"https:\/\/all-car-news.com\/de\/autofinder\/volkswagen\/kia-seele\/\",\"url\":\"https:\/\/all-car-news.com\/de\/autofinder\/volkswagen\/kia-seele\/\",\"name\":\"Kia Seele - All cars news\",\"isPartOf\":{\"@id\":\"https:\/\/all-car-news.com\/de\/#website\"},\"datePublished\":\"2022-03-09T09:06:46+00:00\",\"dateModified\":\"2022-03-09T09:07:09+00:00\",\"breadcrumb\":{\"@id\":\"https:\/\/all-car-news.com\/de\/autofinder\/volkswagen\/kia-seele\/#breadcrumb\"},\"inLanguage\":\"de\",\"potentialAction\":[{\"@type\":\"ReadAction\",\"target\":[\"https:\/\/all-car-news.com\/de\/autofinder\/volkswagen\/kia-seele\/\"]}]},{\"@type\":\"BreadcrumbList\",\"@id\":\"https:\/\/all-car-news.com\/de\/autofinder\/volkswagen\/kia-seele\/#breadcrumb\",\"itemListElement\":[{\"@type\":\"ListItem\",\"position\":1,\"name\":\"Home\",\"item\":\"https:\/\/all-car-news.com\/de\/\"},{\"@type\":\"ListItem\",\"position\":2,\"name\":\"Autofinder\",\"item\":\"https:\/\/all-car-news.com\/de\/autofinder\/\"},{\"@type\":\"ListItem\",\"position\":3,\"name\":\"Volkswagen\",\"item\":\"https:\/\/all-car-news.com\/de\/autofinder\/volkswagen\/\"},{\"@type\":\"ListItem\",\"position\":4,\"name\":\"Kia Seele\"}]},{\"@type\":\"WebSite\",\"@id\":\"https:\/\/all-car-news.com\/de\/#website\",\"url\":\"https:\/\/all-car-news.com\/de\/\",\"name\":\"All cars news\",\"description\":\"\",\"publisher\":{\"@id\":\"https:\/\/all-car-news.com\/de\/#organization\"},\"potentialAction\":[{\"@type\":\"SearchAction\",\"target\":{\"@type\":\"EntryPoint\",\"urlTemplate\":\"https:\/\/all-car-news.com\/de\/?s={search_term_string}\"},\"query-input\":\"required name=search_term_string\"}],\"inLanguage\":\"de\"},{\"@type\":\"Organization\",\"@id\":\"https:\/\/all-car-news.com\/de\/#organization\",\"name\":\"All cars news\",\"url\":\"https:\/\/all-car-news.com\/de\/\",\"logo\":{\"@type\":\"ImageObject\",\"inLanguage\":\"de\",\"@id\":\"https:\/\/all-car-news.com\/de\/#\/schema\/logo\/image\/\",\"url\":\"https:\/\/all-car-news.com\/wp-content\/uploads\/2022\/02\/CMYK-AllCarNews_LANDSCAPE_300px-1.png\",\"contentUrl\":\"https:\/\/all-car-news.com\/wp-content\/uploads\/2022\/02\/CMYK-AllCarNews_LANDSCAPE_300px-1.png\",\"width\":300,\"height\":100,\"caption\":\"All cars news\"},\"image\":{\"@id\":\"https:\/\/all-car-news.com\/de\/#\/schema\/logo\/image\/\"}}]}<\/script>\n<!-- \/ Yoast SEO plugin. -->","yoast_head_json":{"title":"Kia Seele - All cars news","robots":{"index":"index","follow":"follow","max-snippet":"max-snippet:-1","max-image-preview":"max-image-preview:large","max-video-preview":"max-video-preview:-1"},"canonical":"https:\/\/all-car-news.com\/de\/autofinder\/volkswagen\/kia-seele\/","og_locale":"de_DE","og_type":"article","og_title":"Kia Seele - All cars news","og_description":"Der Kia Soul ist ein Modell aus der amerikanischen Sparte der Marke. Die Geschichte des Modells ist bemerkenswert. Designer Torpey [&hellip;]","og_url":"https:\/\/all-car-news.com\/de\/autofinder\/volkswagen\/kia-seele\/","og_site_name":"All cars news","article_modified_time":"2022-03-09T09:07:09+00:00","og_image":[{"width":1279,"height":925,"url":"https:\/\/all-car-news.com\/wp-content\/uploads\/2022\/03\/Kia-Soul-EV-1.jpg","type":"image\/jpeg"}],"twitter_card":"summary_large_image","twitter_misc":{"Gesch\u00e4tzte Lesezeit":"2\u00a0Minuten"},"schema":{"@context":"https:\/\/schema.org","@graph":[{"@type":"WebPage","@id":"https:\/\/all-car-news.com\/de\/autofinder\/volkswagen\/kia-seele\/","url":"https:\/\/all-car-news.com\/de\/autofinder\/volkswagen\/kia-seele\/","name":"Kia Seele - All cars news","isPartOf":{"@id":"https:\/\/all-car-news.com\/de\/#website"},"datePublished":"2022-03-09T09:06:46+00:00","dateModified":"2022-03-09T09:07:09+00:00","breadcrumb":{"@id":"https:\/\/all-car-news.com\/de\/autofinder\/volkswagen\/kia-seele\/#breadcrumb"},"inLanguage":"de","potentialAction":[{"@type":"ReadAction","target":["https:\/\/all-car-news.com\/de\/autofinder\/volkswagen\/kia-seele\/"]}]},{"@type":"BreadcrumbList","@id":"https:\/\/all-car-news.com\/de\/autofinder\/volkswagen\/kia-seele\/#breadcrumb","itemListElement":[{"@type":"ListItem","position":1,"name":"Home","item":"https:\/\/all-car-news.com\/de\/"},{"@type":"ListItem","position":2,"name":"Autofinder","item":"https:\/\/all-car-news.com\/de\/autofinder\/"},{"@type":"ListItem","position":3,"name":"Volkswagen","item":"https:\/\/all-car-news.com\/de\/autofinder\/volkswagen\/"},{"@type":"ListItem","position":4,"name":"Kia Seele"}]},{"@type":"WebSite","@id":"https:\/\/all-car-news.com\/de\/#website","url":"https:\/\/all-car-news.com\/de\/","name":"All cars news","description":"","publisher":{"@id":"https:\/\/all-car-news.com\/de\/#organization"},"potentialAction":[{"@type":"SearchAction","target":{"@type":"EntryPoint","urlTemplate":"https:\/\/all-car-news.com\/de\/?s={search_term_string}"},"query-input":"required name=search_term_string"}],"inLanguage":"de"},{"@type":"Organization","@id":"https:\/\/all-car-news.com\/de\/#organization","name":"All cars news","url":"https:\/\/all-car-news.com\/de\/","logo":{"@type":"ImageObject","inLanguage":"de","@id":"https:\/\/all-car-news.com\/de\/#\/schema\/logo\/image\/","url":"https:\/\/all-car-news.com\/wp-content\/uploads\/2022\/02\/CMYK-AllCarNews_LANDSCAPE_300px-1.png","contentUrl":"https:\/\/all-car-news.com\/wp-content\/uploads\/2022\/02\/CMYK-AllCarNews_LANDSCAPE_300px-1.png","width":300,"height":100,"caption":"All cars news"},"image":{"@id":"https:\/\/all-car-news.com\/de\/#\/schema\/logo\/image\/"}}]}},"_links":{"self":[{"href":"https:\/\/all-car-news.com\/de\/wp-json\/wp\/v2\/pages\/118190","targetHints":{"allow":["GET"]}}],"collection":[{"href":"https:\/\/all-car-news.com\/de\/wp-json\/wp\/v2\/pages"}],"about":[{"href":"https:\/\/all-car-news.com\/de\/wp-json\/wp\/v2\/types\/page"}],"author":[{"embeddable":true,"href":"https:\/\/all-car-news.com\/de\/wp-json\/wp\/v2\/users\/4"}],"replies":[{"embeddable":true,"href":"https:\/\/all-car-news.com\/de\/wp-json\/wp\/v2\/comments?post=118190"}],"version-history":[{"count":0,"href":"https:\/\/all-car-news.com\/de\/wp-json\/wp\/v2\/pages\/118190\/revisions"}],"up":[{"embeddable":true,"href":"https:\/\/all-car-news.com\/de\/wp-json\/wp\/v2\/pages\/117700"}],"wp:featuredmedia":[{"embeddable":true,"href":"https:\/\/all-car-news.com\/de\/wp-json\/wp\/v2\/media\/118129"}],"wp:attachment":[{"href":"https:\/\/all-car-news.com\/de\/wp-json\/wp\/v2\/media?parent=118190"}],"curies":[{"name":"wp","href":"https:\/\/api.w.org\/{rel}","templated":true}]}}

<p>Der Kia Soul ist ein Modell aus der amerikanischen Sparte der Marke. Die Geschichte des Modells ist bemerkenswert. Designer Torpey dachte über einen neuen Autotyp nach und kam als Ergebnis einer Dokumentation auf die Idee eines Ebers mit Rucksack. Das Ergebnis war eine karikaturartige Skizze davon und die Stärke und Kraft, die dieses Schwein ausstrahlte, war das Bild, das das Auto hervorrufen sollte. Natürlich.</p>

<p>Der Kia Soul ist ein Modell aus der amerikanischen Sparte der Marke. Die Geschichte des Modells ist bemerkenswert. Designer Torpey dachte über einen neuen Autotyp nach und kam als Ergebnis einer Dokumentation auf die Idee eines Ebers mit Rucksack. Das Ergebnis war eine karikaturartige Skizze davon und die Stärke und Kraft, die dieses Schwein ausstrahlte, war das Bild, das das Auto hervorrufen sollte. Natürlich.</p>

<h2 class="wp-block-heading"><strong>Einfach starten…</strong><br/></h2>

<p>Das Ergebnis war der markante Kia Soul der ersten Generation, der 2009 vorgestellt wurde. Als Reaktion auf Kritik wurde nach nur einem Jahr ein Update des Innenraums und der Fahreigenschaften des Autos vorgenommen. Nach diesem wackeligen Start gelang es dem Soul jedoch, vor allem auf dem amerikanischen „Heimatmarkt“ gute Verkaufszahlen zu erzielen.</p>

<h2 class="wp-block-heading"><strong>Neu und elektrisch</strong><br/></h2>

<p>Die zweite Generation kam 2013 auf den Markt. Dieses Modell hat sowohl in Qualität als auch in Design einen großen Schritt nach vorne gemacht. Neu seit 2014 ist eine vollelektrisch angetriebene Version des Soul. Seitdem ist es auch das einzige Modell des Soul, das in den Niederlanden ausgeliefert wird. Ende 2018 wurde die dritte Generation Soul vorgestellt, die Ende 2019 auf den Markt kam. Ohne die charakteristische Originalform des Autos zu beeinträchtigen, steht wieder ein frisches Modell bereit. Natürlich gibt es auch eine vollelektrische Variante des Neuen. Sein Name ändert sich von Soul EV zu e-Soul. Unter dem Namen e-Soul Cargo gibt es auch eine Bestellversion für ein graues Nummernschild.</p>

<h2 class="wp-block-heading">Technisch</h2>

<figure class="wp-block-table is-style-stripes"><table class="has-fixed-layout"><tbody><tr><td>Motortyp</td><td>elektrisch</td></tr><tr><td>Batterie</td><td>Lithium-Ionen</td></tr><tr><td>Kapazität</td><td>64kWh</td></tr><tr><td>Fahrt</td><td>Vorderreifen</td></tr><tr><td>Bremsen von/a</td><td>gegeben Datenträger/Scheiben</td></tr><tr><td>Wendekreis</td><td>10,6 m</td></tr><tr><td>Bereich</td><td>276km</td></tr><tr><td>Ladezeit bei 220V</td><td>4:10 Uhr</td></tr><tr><td>Leistungsbereich</td><td>100 bis 150 kW</td></tr></tbody></table></figure>

<h2 class="wp-block-heading">Leistung</h2>

<figure class="wp-block-table is-style-stripes"><table class="has-fixed-layout"><tbody><tr><td>Systemleistung</td><td>100 kW (136 PS)</td></tr><tr><td>Systempaar</td><td>395Nm</td></tr><tr><td>gem. 0-100 km/h</td><td>9,9 Sek</td></tr><tr><td>Höchstgeschwindigkeit</td><td>157 km/h</td></tr></tbody></table></figure>

<h2 class="wp-block-heading">Allgemein</h2>

<figure class="wp-block-table is-style-stripes"><table class="has-fixed-layout"><tbody><tr><td>Übertragung</td><td>fester Gang</td></tr><tr><td>Körpertyp</td><td>5-tlg. Schrägheck</td></tr><tr><td>Euro NCAP</td><td>nicht getestet</td></tr><tr><td>Markteinführung</td><td>November 2019</td></tr><tr><td>Neustes Facelift</td><td>N / A</td></tr><tr><td>Garantie</td><td>7 Jahre</td></tr><tr><td>Vom Preis</td><td>33.995 €</td></tr><tr><td>Besonderheiten</td><td>In den Niederlanden ist der Kia Soul nur mit Elektroantrieb erhältlich.</td></tr></tbody></table></figure>

<h2 class="wp-block-heading">Maße/Gewichte</h2>

<figure class="wp-block-table is-style-stripes"><table class="has-fixed-layout"><tbody><tr><td>Reifengröße</td><td>215/55 R17</td></tr><tr><td>L x B x H</td><td>4.195 x 1.800 x 1.605 mm</td></tr><tr><td>Radstand</td><td>2.600 mm</td></tr><tr><td>Masse leer</td><td>1.510 kg</td></tr><tr><td>max. gem. Gew.</td><td>n/a kg</td></tr><tr><td>Forts. Tasche. Zimmer.</td><td>315 l</td></tr></tbody></table></figure>

<h2 class="wp-block-heading">Verbrauch</h2>

<figure class="wp-block-table is-style-stripes"><table class="has-fixed-layout"><tbody><tr><td>Energielabel</td><td>ein</td></tr></tbody></table></figure>

<!-- This site is optimized with the Yoast SEO plugin v21.2 - https://yoast.com/wordpress/plugins/seo/ -->
<title>Kia Seele - All cars news</title>
<meta name="robots" content="index, follow, max-snippet:-1, max-image-preview:large, max-video-preview:-1" />
<link rel="canonical" href="https://all-car-news.com/de/autofinder/volkswagen/kia-seele/" />
<meta property="og:locale" content="de_DE" />
<meta property="og:type" content="article" />
<meta property="og:title" content="Kia Seele - All cars news" />
<meta property="og:description" content="Der Kia Soul ist ein Modell aus der amerikanischen Sparte der Marke. Die Geschichte des Modells ist bemerkenswert. Designer Torpey [&hellip;]" />
<meta property="og:url" content="https://all-car-news.com/de/autofinder/volkswagen/kia-seele/" />
<meta property="og:site_name" content="All cars news" />
<meta property="article:modified_time" content="2022-03-09T09:07:09+00:00" />
<meta property="og:image" content="https://all-car-news.com/wp-content/uploads/2022/03/Kia-Soul-EV-1.jpg" />
	<meta property="og:image:width" content="1279" />
	<meta property="og:image:height" content="925" />
	<meta property="og:image:type" content="image/jpeg" />
<meta name="twitter:card" content="summary_large_image" />
<meta name="twitter:label1" content="Geschätzte Lesezeit" />
	<meta name="twitter:data1" content="2 Minuten" />
<script type="application/ld+json" class="yoast-schema-graph">{"@context":"https://schema.org","@graph":[{"@type":"WebPage","@id":"https://all-car-news.com/de/autofinder/volkswagen/kia-seele/","url":"https://all-car-news.com/de/autofinder/volkswagen/kia-seele/","name":"Kia Seele - All cars news","isPartOf":{"@id":"https://all-car-news.com/de/#website"},"datePublished":"2022-03-09T09:06:46+00:00","dateModified":"2022-03-09T09:07:09+00:00","breadcrumb":{"@id":"https://all-car-news.com/de/autofinder/volkswagen/kia-seele/#breadcrumb"},"inLanguage":"de","potentialAction":[{"@type":"ReadAction","target":["https://all-car-news.com/de/autofinder/volkswagen/kia-seele/"]}]},{"@type":"BreadcrumbList","@id":"https://all-car-news.com/de/autofinder/volkswagen/kia-seele/#breadcrumb","itemListElement":[{"@type":"ListItem","position":1,"name":"Home","item":"https://all-car-news.com/de/"},{"@type":"ListItem","position":2,"name":"Autofinder","item":"https://all-car-news.com/de/autofinder/"},{"@type":"ListItem","position":3,"name":"Volkswagen","item":"https://all-car-news.com/de/autofinder/volkswagen/"},{"@type":"ListItem","position":4,"name":"Kia Seele"}]},{"@type":"WebSite","@id":"https://all-car-news.com/de/#website","url":"https://all-car-news.com/de/","name":"All cars news","description":"","publisher":{"@id":"https://all-car-news.com/de/#organization"},"potentialAction":[{"@type":"SearchAction","target":{"@type":"EntryPoint","urlTemplate":"https://all-car-news.com/de/?s={search_term_string}"},"query-input":"required name=search_term_string"}],"inLanguage":"de"},{"@type":"Organization","@id":"https://all-car-news.com/de/#organization","name":"All cars news","url":"https://all-car-news.com/de/","logo":{"@type":"ImageObject","inLanguage":"de","@id":"https://all-car-news.com/de/#/schema/logo/image/","url":"https://all-car-news.com/wp-content/uploads/2022/02/CMYK-AllCarNews_LANDSCAPE_300px-1.png","contentUrl":"https://all-car-news.com/wp-content/uploads/2022/02/CMYK-AllCarNews_LANDSCAPE_300px-1.png","width":300,"height":100,"caption":"All cars news"},"image":{"@id":"https://all-car-news.com/de/#/schema/logo/image/"}}]}</script>
<!-- / Yoast SEO plugin. -->
