{"id":116520,"date":"2022-02-22T09:31:12","date_gmt":"2022-02-22T09:31:12","guid":{"rendered":"https:\/\/all-car-news.com\/bmw\/"},"modified":"2022-02-22T09:49:16","modified_gmt":"2022-02-22T09:49:16","slug":"bmw","status":"publish","type":"page","link":"https:\/\/all-car-news.com\/de\/autofinder\/bmw\/","title":{"rendered":"BMW"},"content":{"rendered":"\n<h2 class=\"wp-block-heading\" id=\"bmw-geschiedenis\">BMW-Geschichte<\/h2>\n\n<p>2016 feierte BMW sein 100-j\u00e4hriges Bestehen. BMW (Bayerische Motoren Werke) betrachtet das Gr\u00fcndungsdatum des Rechtsvorg\u00e4ngers Bayerische Flugzeug Werke (7. M\u00e4rz 1916) als Startdatum.<\/p>\n\n<p>Mit der \u00dcbernahme des Automobilherstellers Eisenach im Jahr 1928 wurde auch BMW zum Automobilhersteller. Der erste BMW war der Dixi, ein Derivat des damaligen Austin Seven. Ab 1933 baute BMW eigene Modelle mit sportlichem Sechszylindermotor. Vor allem mit dem 327 und 328 hat sich BMW ein sportliches Image erarbeitet.<\/p>\n\n<p>Nach dem Krieg produzierte BMW als Automobilhersteller eine gro\u00dfe Limousine und einen Sportwagen, beide mit V8-Motor. Kein Material, mit dem der Autobauer in den Nachkriegsjahren prosperierte. Die Lizenz der italienischen ISO, eine Art Motorroller, die BMW-Isetta, zu bauen, hielt BMW einfach am Laufen. Anfang der 1960er-Jahre kam mit der \u201eNeuen Klasse\u201c 1500 und den daraus abgeleiteten sportlichen Limousinen mit Hinterradantrieb die Wende.<\/p>\n\n<p>1994 \u00fcbernahm BMW den immer maroden Rover. Von dieser \u00dcbernahme hat es nur die Marke Mini behalten. Auch die \u00dcbernahmen von Rolls-Royce und Bentley scheiterten gewisserma\u00dfen und BMW sicherte sich schlie\u00dflich nur noch die Markenrechte des Autoherstellers Rolls-Royce. 2011 hat BMW mit dem vollelektrisch angetriebenen Stadtflitzer i3 und dem ebenfalls vollelektrisch angetriebenen Sportwagen i8 das Label BMW i ins Leben gerufen.<\/p>\n\n<h2 class=\"wp-block-heading\" id=\"bmw-logo\">BMW-Logo<\/h2>\n\n<p>BMW erkl\u00e4rt sein Logo, einen stilisierten Propeller, aus seiner Herkunft als Flugzeughersteller, die Farben Blau und Wei\u00df beziehen sich aber auch auf die Farben des deutschen Bundeslandes Bayern, wo BMW ans\u00e4ssig ist.<\/p>\n","protected":false},"excerpt":{"rendered":"<p>BMW-Geschichte 2016 feierte BMW sein 100-j\u00e4hriges Bestehen. BMW (Bayerische Motoren Werke) betrachtet das Gr\u00fcndungsdatum des Rechtsvorg\u00e4ngers Bayerische Flugzeug Werke (7. [&hellip;]<\/p>\n","protected":false},"author":2,"featured_media":116562,"parent":116568,"menu_order":0,"comment_status":"closed","ping_status":"closed","template":"","meta":{"footnotes":""},"class_list":["post-116520","page","type-page","status-publish","has-post-thumbnail","hentry"],"acf":[],"yoast_head":"<!-- This site is optimized with the Yoast SEO plugin v21.2 - https:\/\/yoast.com\/wordpress\/plugins\/seo\/ -->\n<title>BMW - All cars news<\/title>\n<meta name=\"robots\" content=\"index, follow, max-snippet:-1, max-image-preview:large, max-video-preview:-1\" \/>\n<link rel=\"canonical\" href=\"https:\/\/all-car-news.com\/de\/autofinder\/bmw\/\" \/>\n<meta property=\"og:locale\" content=\"de_DE\" \/>\n<meta property=\"og:type\" content=\"article\" \/>\n<meta property=\"og:title\" content=\"BMW - All cars news\" \/>\n<meta property=\"og:description\" content=\"BMW-Geschichte 2016 feierte BMW sein 100-j\u00e4hriges Bestehen. BMW (Bayerische Motoren Werke) betrachtet das Gr\u00fcndungsdatum des Rechtsvorg\u00e4ngers Bayerische Flugzeug Werke (7. [&hellip;]\" \/>\n<meta property=\"og:url\" content=\"https:\/\/all-car-news.com\/de\/autofinder\/bmw\/\" \/>\n<meta property=\"og:site_name\" content=\"All cars news\" \/>\n<meta property=\"article:modified_time\" content=\"2022-02-22T09:49:16+00:00\" \/>\n<meta property=\"og:image\" content=\"https:\/\/all-car-news.com\/wp-content\/uploads\/2022\/02\/BMW-8-Series_Coupe-2019-1600-07-1600x500-1.jpeg\" \/>\n\t<meta property=\"og:image:width\" content=\"1600\" \/>\n\t<meta property=\"og:image:height\" content=\"500\" \/>\n\t<meta property=\"og:image:type\" content=\"image\/jpeg\" \/>\n<meta name=\"twitter:card\" content=\"summary_large_image\" \/>\n<meta name=\"twitter:label1\" content=\"Gesch\u00e4tzte Lesezeit\" \/>\n\t<meta name=\"twitter:data1\" content=\"1\u00a0Minute\" \/>\n<script type=\"application\/ld+json\" class=\"yoast-schema-graph\">{\"@context\":\"https:\/\/schema.org\",\"@graph\":[{\"@type\":\"WebPage\",\"@id\":\"https:\/\/all-car-news.com\/de\/autofinder\/bmw\/\",\"url\":\"https:\/\/all-car-news.com\/de\/autofinder\/bmw\/\",\"name\":\"BMW - All cars news\",\"isPartOf\":{\"@id\":\"https:\/\/all-car-news.com\/de\/#website\"},\"datePublished\":\"2022-02-22T09:31:12+00:00\",\"dateModified\":\"2022-02-22T09:49:16+00:00\",\"breadcrumb\":{\"@id\":\"https:\/\/all-car-news.com\/de\/autofinder\/bmw\/#breadcrumb\"},\"inLanguage\":\"de\",\"potentialAction\":[{\"@type\":\"ReadAction\",\"target\":[\"https:\/\/all-car-news.com\/de\/autofinder\/bmw\/\"]}]},{\"@type\":\"BreadcrumbList\",\"@id\":\"https:\/\/all-car-news.com\/de\/autofinder\/bmw\/#breadcrumb\",\"itemListElement\":[{\"@type\":\"ListItem\",\"position\":1,\"name\":\"Home\",\"item\":\"https:\/\/all-car-news.com\/de\/\"},{\"@type\":\"ListItem\",\"position\":2,\"name\":\"Autofinder\",\"item\":\"https:\/\/all-car-news.com\/de\/autofinder\/\"},{\"@type\":\"ListItem\",\"position\":3,\"name\":\"BMW\"}]},{\"@type\":\"WebSite\",\"@id\":\"https:\/\/all-car-news.com\/de\/#website\",\"url\":\"https:\/\/all-car-news.com\/de\/\",\"name\":\"All cars news\",\"description\":\"\",\"publisher\":{\"@id\":\"https:\/\/all-car-news.com\/de\/#organization\"},\"potentialAction\":[{\"@type\":\"SearchAction\",\"target\":{\"@type\":\"EntryPoint\",\"urlTemplate\":\"https:\/\/all-car-news.com\/de\/?s={search_term_string}\"},\"query-input\":\"required name=search_term_string\"}],\"inLanguage\":\"de\"},{\"@type\":\"Organization\",\"@id\":\"https:\/\/all-car-news.com\/de\/#organization\",\"name\":\"All cars news\",\"url\":\"https:\/\/all-car-news.com\/de\/\",\"logo\":{\"@type\":\"ImageObject\",\"inLanguage\":\"de\",\"@id\":\"https:\/\/all-car-news.com\/de\/#\/schema\/logo\/image\/\",\"url\":\"https:\/\/all-car-news.com\/wp-content\/uploads\/2022\/02\/CMYK-AllCarNews_LANDSCAPE_300px-1.png\",\"contentUrl\":\"https:\/\/all-car-news.com\/wp-content\/uploads\/2022\/02\/CMYK-AllCarNews_LANDSCAPE_300px-1.png\",\"width\":300,\"height\":100,\"caption\":\"All cars news\"},\"image\":{\"@id\":\"https:\/\/all-car-news.com\/de\/#\/schema\/logo\/image\/\"}}]}<\/script>\n<!-- \/ Yoast SEO plugin. -->","yoast_head_json":{"title":"BMW - All cars news","robots":{"index":"index","follow":"follow","max-snippet":"max-snippet:-1","max-image-preview":"max-image-preview:large","max-video-preview":"max-video-preview:-1"},"canonical":"https:\/\/all-car-news.com\/de\/autofinder\/bmw\/","og_locale":"de_DE","og_type":"article","og_title":"BMW - All cars news","og_description":"BMW-Geschichte 2016 feierte BMW sein 100-j\u00e4hriges Bestehen. BMW (Bayerische Motoren Werke) betrachtet das Gr\u00fcndungsdatum des Rechtsvorg\u00e4ngers Bayerische Flugzeug Werke (7. [&hellip;]","og_url":"https:\/\/all-car-news.com\/de\/autofinder\/bmw\/","og_site_name":"All cars news","article_modified_time":"2022-02-22T09:49:16+00:00","og_image":[{"width":1600,"height":500,"url":"https:\/\/all-car-news.com\/wp-content\/uploads\/2022\/02\/BMW-8-Series_Coupe-2019-1600-07-1600x500-1.jpeg","type":"image\/jpeg"}],"twitter_card":"summary_large_image","twitter_misc":{"Gesch\u00e4tzte Lesezeit":"1\u00a0Minute"},"schema":{"@context":"https:\/\/schema.org","@graph":[{"@type":"WebPage","@id":"https:\/\/all-car-news.com\/de\/autofinder\/bmw\/","url":"https:\/\/all-car-news.com\/de\/autofinder\/bmw\/","name":"BMW - All cars news","isPartOf":{"@id":"https:\/\/all-car-news.com\/de\/#website"},"datePublished":"2022-02-22T09:31:12+00:00","dateModified":"2022-02-22T09:49:16+00:00","breadcrumb":{"@id":"https:\/\/all-car-news.com\/de\/autofinder\/bmw\/#breadcrumb"},"inLanguage":"de","potentialAction":[{"@type":"ReadAction","target":["https:\/\/all-car-news.com\/de\/autofinder\/bmw\/"]}]},{"@type":"BreadcrumbList","@id":"https:\/\/all-car-news.com\/de\/autofinder\/bmw\/#breadcrumb","itemListElement":[{"@type":"ListItem","position":1,"name":"Home","item":"https:\/\/all-car-news.com\/de\/"},{"@type":"ListItem","position":2,"name":"Autofinder","item":"https:\/\/all-car-news.com\/de\/autofinder\/"},{"@type":"ListItem","position":3,"name":"BMW"}]},{"@type":"WebSite","@id":"https:\/\/all-car-news.com\/de\/#website","url":"https:\/\/all-car-news.com\/de\/","name":"All cars news","description":"","publisher":{"@id":"https:\/\/all-car-news.com\/de\/#organization"},"potentialAction":[{"@type":"SearchAction","target":{"@type":"EntryPoint","urlTemplate":"https:\/\/all-car-news.com\/de\/?s={search_term_string}"},"query-input":"required name=search_term_string"}],"inLanguage":"de"},{"@type":"Organization","@id":"https:\/\/all-car-news.com\/de\/#organization","name":"All cars news","url":"https:\/\/all-car-news.com\/de\/","logo":{"@type":"ImageObject","inLanguage":"de","@id":"https:\/\/all-car-news.com\/de\/#\/schema\/logo\/image\/","url":"https:\/\/all-car-news.com\/wp-content\/uploads\/2022\/02\/CMYK-AllCarNews_LANDSCAPE_300px-1.png","contentUrl":"https:\/\/all-car-news.com\/wp-content\/uploads\/2022\/02\/CMYK-AllCarNews_LANDSCAPE_300px-1.png","width":300,"height":100,"caption":"All cars news"},"image":{"@id":"https:\/\/all-car-news.com\/de\/#\/schema\/logo\/image\/"}}]}},"_links":{"self":[{"href":"https:\/\/all-car-news.com\/de\/wp-json\/wp\/v2\/pages\/116520","targetHints":{"allow":["GET"]}}],"collection":[{"href":"https:\/\/all-car-news.com\/de\/wp-json\/wp\/v2\/pages"}],"about":[{"href":"https:\/\/all-car-news.com\/de\/wp-json\/wp\/v2\/types\/page"}],"author":[{"embeddable":true,"href":"https:\/\/all-car-news.com\/de\/wp-json\/wp\/v2\/users\/2"}],"replies":[{"embeddable":true,"href":"https:\/\/all-car-news.com\/de\/wp-json\/wp\/v2\/comments?post=116520"}],"version-history":[{"count":0,"href":"https:\/\/all-car-news.com\/de\/wp-json\/wp\/v2\/pages\/116520\/revisions"}],"up":[{"embeddable":true,"href":"https:\/\/all-car-news.com\/de\/wp-json\/wp\/v2\/pages\/116568"}],"wp:featuredmedia":[{"embeddable":true,"href":"https:\/\/all-car-news.com\/de\/wp-json\/wp\/v2\/media\/116562"}],"wp:attachment":[{"href":"https:\/\/all-car-news.com\/de\/wp-json\/wp\/v2\/media?parent=116520"}],"curies":[{"name":"wp","href":"https:\/\/api.w.org\/{rel}","templated":true}]}}

<h2 class="wp-block-heading" id="bmw-geschiedenis">BMW-Geschichte</h2>

<p>2016 feierte BMW sein 100-jähriges Bestehen. BMW (Bayerische Motoren Werke) betrachtet das Gründungsdatum des Rechtsvorgängers Bayerische Flugzeug Werke (7. März 1916) als Startdatum.</p>

<p>Mit der Übernahme des Automobilherstellers Eisenach im Jahr 1928 wurde auch BMW zum Automobilhersteller. Der erste BMW war der Dixi, ein Derivat des damaligen Austin Seven. Ab 1933 baute BMW eigene Modelle mit sportlichem Sechszylindermotor. Vor allem mit dem 327 und 328 hat sich BMW ein sportliches Image erarbeitet.</p>

<p>Nach dem Krieg produzierte BMW als Automobilhersteller eine große Limousine und einen Sportwagen, beide mit V8-Motor. Kein Material, mit dem der Autobauer in den Nachkriegsjahren prosperierte. Die Lizenz der italienischen ISO, eine Art Motorroller, die BMW-Isetta, zu bauen, hielt BMW einfach am Laufen. Anfang der 1960er-Jahre kam mit der „Neuen Klasse“ 1500 und den daraus abgeleiteten sportlichen Limousinen mit Hinterradantrieb die Wende.</p>

<p>1994 übernahm BMW den immer maroden Rover. Von dieser Übernahme hat es nur die Marke Mini behalten. Auch die Übernahmen von Rolls-Royce und Bentley scheiterten gewissermaßen und BMW sicherte sich schließlich nur noch die Markenrechte des Autoherstellers Rolls-Royce. 2011 hat BMW mit dem vollelektrisch angetriebenen Stadtflitzer i3 und dem ebenfalls vollelektrisch angetriebenen Sportwagen i8 das Label BMW i ins Leben gerufen.</p>

<h2 class="wp-block-heading" id="bmw-logo">BMW-Logo</h2>

<p>BMW erklärt sein Logo, einen stilisierten Propeller, aus seiner Herkunft als Flugzeughersteller, die Farben Blau und Weiß beziehen sich aber auch auf die Farben des deutschen Bundeslandes Bayern, wo BMW ansässig ist.</p>

<p>BMW-Geschichte 2016 feierte BMW sein 100-jähriges Bestehen. BMW (Bayerische Motoren Werke) betrachtet das Gründungsdatum des Rechtsvorgängers Bayerische Flugzeug Werke (7. [&hellip;]</p>

<!-- This site is optimized with the Yoast SEO plugin v21.2 - https://yoast.com/wordpress/plugins/seo/ -->
<title>BMW - All cars news</title>
<meta name="robots" content="index, follow, max-snippet:-1, max-image-preview:large, max-video-preview:-1" />
<link rel="canonical" href="https://all-car-news.com/de/autofinder/bmw/" />
<meta property="og:locale" content="de_DE" />
<meta property="og:type" content="article" />
<meta property="og:title" content="BMW - All cars news" />
<meta property="og:description" content="BMW-Geschichte 2016 feierte BMW sein 100-jähriges Bestehen. BMW (Bayerische Motoren Werke) betrachtet das Gründungsdatum des Rechtsvorgängers Bayerische Flugzeug Werke (7. [&hellip;]" />
<meta property="og:url" content="https://all-car-news.com/de/autofinder/bmw/" />
<meta property="og:site_name" content="All cars news" />
<meta property="article:modified_time" content="2022-02-22T09:49:16+00:00" />
<meta property="og:image" content="https://all-car-news.com/wp-content/uploads/2022/02/BMW-8-Series_Coupe-2019-1600-07-1600x500-1.jpeg" />
	<meta property="og:image:width" content="1600" />
	<meta property="og:image:height" content="500" />
	<meta property="og:image:type" content="image/jpeg" />
<meta name="twitter:card" content="summary_large_image" />
<meta name="twitter:label1" content="Geschätzte Lesezeit" />
	<meta name="twitter:data1" content="1 Minute" />
<script type="application/ld+json" class="yoast-schema-graph">{"@context":"https://schema.org","@graph":[{"@type":"WebPage","@id":"https://all-car-news.com/de/autofinder/bmw/","url":"https://all-car-news.com/de/autofinder/bmw/","name":"BMW - All cars news","isPartOf":{"@id":"https://all-car-news.com/de/#website"},"datePublished":"2022-02-22T09:31:12+00:00","dateModified":"2022-02-22T09:49:16+00:00","breadcrumb":{"@id":"https://all-car-news.com/de/autofinder/bmw/#breadcrumb"},"inLanguage":"de","potentialAction":[{"@type":"ReadAction","target":["https://all-car-news.com/de/autofinder/bmw/"]}]},{"@type":"BreadcrumbList","@id":"https://all-car-news.com/de/autofinder/bmw/#breadcrumb","itemListElement":[{"@type":"ListItem","position":1,"name":"Home","item":"https://all-car-news.com/de/"},{"@type":"ListItem","position":2,"name":"Autofinder","item":"https://all-car-news.com/de/autofinder/"},{"@type":"ListItem","position":3,"name":"BMW"}]},{"@type":"WebSite","@id":"https://all-car-news.com/de/#website","url":"https://all-car-news.com/de/","name":"All cars news","description":"","publisher":{"@id":"https://all-car-news.com/de/#organization"},"potentialAction":[{"@type":"SearchAction","target":{"@type":"EntryPoint","urlTemplate":"https://all-car-news.com/de/?s={search_term_string}"},"query-input":"required name=search_term_string"}],"inLanguage":"de"},{"@type":"Organization","@id":"https://all-car-news.com/de/#organization","name":"All cars news","url":"https://all-car-news.com/de/","logo":{"@type":"ImageObject","inLanguage":"de","@id":"https://all-car-news.com/de/#/schema/logo/image/","url":"https://all-car-news.com/wp-content/uploads/2022/02/CMYK-AllCarNews_LANDSCAPE_300px-1.png","contentUrl":"https://all-car-news.com/wp-content/uploads/2022/02/CMYK-AllCarNews_LANDSCAPE_300px-1.png","width":300,"height":100,"caption":"All cars news"},"image":{"@id":"https://all-car-news.com/de/#/schema/logo/image/"}}]}</script>
<!-- / Yoast SEO plugin. -->

BMW-Geschichte 2016 feierte BMW sein 100-jähriges Bestehen. BMW (Bayerische Motoren Werke) betrachtet das Gründungsdatum des Rechtsvorgängers Bayerische Flugzeug Werke (7. [&hellip;]
