{"version":"1.0","provider_name":"All cars news","provider_url":"https:\/\/all-car-news.com\/de\/","title":"Talent Collin Veijer in die Moto2 - All cars news","type":"rich","width":600,"height":338,"html":"<blockquote class=\"wp-embedded-content\" data-secret=\"Adn2H0GsCQ\"><a href=\"https:\/\/all-car-news.com\/de\/talent-collin-veijer-in-die-moto2\/\">Talent Collin Veijer in die Moto2<\/a><\/blockquote><iframe sandbox=\"allow-scripts\" security=\"restricted\" src=\"https:\/\/all-car-news.com\/de\/talent-collin-veijer-in-die-moto2\/embed\/#?secret=Adn2H0GsCQ\" width=\"600\" height=\"338\" title=\"&#8222;Talent Collin Veijer in die Moto2&#8220; &#8211; All cars news\" data-secret=\"Adn2H0GsCQ\" frameborder=\"0\" marginwidth=\"0\" marginheight=\"0\" scrolling=\"no\" class=\"wp-embedded-content\"><\/iframe><script type=\"text\/javascript\">\n\/* <![CDATA[ *\/\n\/*! This file is auto-generated *\/\n!function(d,l){\"use strict\";l.querySelector&&d.addEventListener&&\"undefined\"!=typeof URL&&(d.wp=d.wp||{},d.wp.receiveEmbedMessage||(d.wp.receiveEmbedMessage=function(e){var t=e.data;if((t||t.secret||t.message||t.value)&&!\/[^a-zA-Z0-9]\/.test(t.secret)){for(var s,r,n,a=l.querySelectorAll('iframe[data-secret=\"'+t.secret+'\"]'),o=l.querySelectorAll('blockquote[data-secret=\"'+t.secret+'\"]'),c=new RegExp(\"^https?:$\",\"i\"),i=0;i<o.length;i++)o[i].style.display=\"none\";for(i=0;i<a.length;i++)s=a[i],e.source===s.contentWindow&&(s.removeAttribute(\"style\"),\"height\"===t.message?(1e3<(r=parseInt(t.value,10))?r=1e3:~~r<200&&(r=200),s.height=r):\"link\"===t.message&&(r=new URL(s.getAttribute(\"src\")),n=new URL(t.value),c.test(n.protocol))&&n.host===r.host&&l.activeElement===s&&(d.top.location.href=t.value))}},d.addEventListener(\"message\",d.wp.receiveEmbedMessage,!1),l.addEventListener(\"DOMContentLoaded\",function(){for(var e,t,s=l.querySelectorAll(\"iframe.wp-embedded-content\"),r=0;r<s.length;r++)(t=(e=s[r]).getAttribute(\"data-secret\"))||(t=Math.random().toString(36).substring(2,12),e.src+=\"#?secret=\"+t,e.setAttribute(\"data-secret\",t)),e.contentWindow.postMessage({message:\"ready\",secret:t},\"*\")},!1)))}(window,document);\n\/\/# sourceURL=https:\/\/all-car-news.com\/wp-includes\/js\/wp-embed.min.js\n\/* ]]> *\/\n<\/script>\n","thumbnail_url":"https:\/\/motorrai.nl\/wp-content\/uploads\/2024\/08\/Colin-Veijer-1.jpg","thumbnail_width":600,"thumbnail_height":400,"description":"Nach den 1980er und 1990er Jahren wurde es etwas ruhiger um die niederl\u00e4ndischen Motorradfahrer in den h\u00f6chsten Klassen des Stra\u00dfenrennsports. Damals waren Wil Hartog, Jack Middelburg und Boet van Dulmen klangvolle Namen in der damaligen 500-ccm-K\u00f6nigsklasse, deren Nachfolger die heutige MotoGP ist. Jurgen van de Goorberg \u00fcbernahm im [...]"}

Nach den 1980er und 1990er Jahren wurde es etwas ruhiger um die niederländischen Motorradfahrer in den höchsten Klassen des Straßenrennsports. Damals waren Wil Hartog, Jack Middelburg und Boet van Dulmen klangvolle Namen in der damaligen 500-ccm-Königsklasse, deren Nachfolger die heutige MotoGP ist. Jurgen van de Goorberg übernahm im [...]
