{"version":"1.0","provider_name":"All cars news","provider_url":"https:\/\/all-car-news.com\/de\/","title":"Gesichtet: ein 1953 Volvo PV444 - All cars news","type":"rich","width":600,"height":338,"html":"<blockquote class=\"wp-embedded-content\" data-secret=\"XrwVxD6OdH\"><a href=\"https:\/\/all-car-news.com\/de\/gesichtet-ein-1953-volvo-pv444\/\">Gesichtet: ein 1953 Volvo PV444<\/a><\/blockquote><iframe sandbox=\"allow-scripts\" security=\"restricted\" src=\"https:\/\/all-car-news.com\/de\/gesichtet-ein-1953-volvo-pv444\/embed\/#?secret=XrwVxD6OdH\" width=\"600\" height=\"338\" title=\"&#8222;Gesichtet: ein 1953 Volvo PV444&#8220; &#8211; All cars news\" data-secret=\"XrwVxD6OdH\" frameborder=\"0\" marginwidth=\"0\" marginheight=\"0\" scrolling=\"no\" class=\"wp-embedded-content\"><\/iframe><script type=\"text\/javascript\">\n\/* <![CDATA[ *\/\n\/*! This file is auto-generated *\/\n!function(d,l){\"use strict\";l.querySelector&&d.addEventListener&&\"undefined\"!=typeof URL&&(d.wp=d.wp||{},d.wp.receiveEmbedMessage||(d.wp.receiveEmbedMessage=function(e){var t=e.data;if((t||t.secret||t.message||t.value)&&!\/[^a-zA-Z0-9]\/.test(t.secret)){for(var s,r,n,a=l.querySelectorAll('iframe[data-secret=\"'+t.secret+'\"]'),o=l.querySelectorAll('blockquote[data-secret=\"'+t.secret+'\"]'),c=new RegExp(\"^https?:$\",\"i\"),i=0;i<o.length;i++)o[i].style.display=\"none\";for(i=0;i<a.length;i++)s=a[i],e.source===s.contentWindow&&(s.removeAttribute(\"style\"),\"height\"===t.message?(1e3<(r=parseInt(t.value,10))?r=1e3:~~r<200&&(r=200),s.height=r):\"link\"===t.message&&(r=new URL(s.getAttribute(\"src\")),n=new URL(t.value),c.test(n.protocol))&&n.host===r.host&&l.activeElement===s&&(d.top.location.href=t.value))}},d.addEventListener(\"message\",d.wp.receiveEmbedMessage,!1),l.addEventListener(\"DOMContentLoaded\",function(){for(var e,t,s=l.querySelectorAll(\"iframe.wp-embedded-content\"),r=0;r<s.length;r++)(t=(e=s[r]).getAttribute(\"data-secret\"))||(t=Math.random().toString(36).substring(2,12),e.src+=\"#?secret=\"+t,e.setAttribute(\"data-secret\",t)),e.contentWindow.postMessage({message:\"ready\",secret:t},\"*\")},!1)))}(window,document);\n\/\/# sourceURL=https:\/\/all-car-news.com\/wp-includes\/js\/wp-embed.min.js\n\/* ]]> *\/\n<\/script>\n","thumbnail_url":"https:\/\/autorai.nl\/wp-content\/uploads\/2026\/01\/Volvo-PV444.jpg","thumbnail_width":600,"thumbnail_height":338,"description":"In Ermangelung von Klassikern im Winter blicken wir in diesem Gespot auf den letzten Sp\u00e4tsommer zur\u00fcck. Damals sahen wir diesen sch\u00f6nen Volvo PV444, dem wir gerne einen Platz in dieser Rubrik einr\u00e4umen."}

In Ermangelung von Klassikern im Winter blicken wir in diesem Gespot auf den letzten Spätsommer zurück. Damals sahen wir diesen schönen Volvo PV444, dem wir gerne einen Platz in dieser Rubrik einräumen.
